CRAN Package Check Results for Package autonewsmd

Last updated on 2024-06-15 00:54:01 CEST.

Flavor Version Tinstall Tcheck Ttotal Status Flags
r-devel-linux-x86_64-debian-clang 0.0.8 4.36 57.03 61.39 OK
r-devel-linux-x86_64-debian-gcc 0.0.8 3.28 43.35 46.63 OK
r-devel-linux-x86_64-fedora-clang 0.0.8 91.39 OK
r-devel-linux-x86_64-fedora-gcc 0.0.8 96.13 OK
r-devel-windows-x86_64 0.0.8 4.00 71.00 75.00 OK
r-patched-linux-x86_64 0.0.8 3.60 54.81 58.41 OK
r-release-linux-x86_64 0.0.8 3.61 55.98 59.59 OK
r-release-macos-arm64 0.0.8 31.00 ERROR
r-release-macos-x86_64 0.0.8 77.00 ERROR
r-release-windows-x86_64 0.0.8 4.00 72.00 76.00 OK
r-oldrel-macos-arm64 0.0.8 36.00 ERROR
r-oldrel-macos-x86_64 0.0.8 58.00 ERROR
r-oldrel-windows-x86_64 0.0.8 5.00 79.00 84.00 OK

Check Details

Version: 0.0.8
Check: tests
Result: ERROR Running ‘testthat.R’ [1s/3s] Running the tests in ‘tests/testthat.R’ failed. Last 13 lines of output: Error in `find_quarto()`: Quarto command-line tools path not found! Please make sure you have installed and added Quarto to your PATH or set the QUARTO_PATH environment variable. Backtrace: ▆ 1. └─an$write(force = TRUE) at test-autonewsmd.R:83:3 2. └─autonewsmd:::write_autonewsmd(self, private, force, con) 3. └─quarto::quarto_render(input = template_file, output_format = "md") 4. └─quarto:::find_quarto() 5. └─cli::cli_abort(quarto_not_found_msg) 6. └─rlang::abort(...) [ FAIL 1 | WARN 0 | SKIP 1 | PASS 7 ] Error: Test failures Execution halted Flavors: r-release-macos-arm64, r-oldrel-macos-arm64

Version: 0.0.8
Check: tests
Result: ERROR Running ‘testthat.R’ [1s/5s] Running the tests in ‘tests/testthat.R’ failed. Last 13 lines of output: Error in `find_quarto()`: Quarto command-line tools path not found! Please make sure you have installed and added Quarto to your PATH or set the QUARTO_PATH environment variable. Backtrace: ▆ 1. └─an$write(force = TRUE) at test-autonewsmd.R:83:3 2. └─autonewsmd:::write_autonewsmd(self, private, force, con) 3. └─quarto::quarto_render(input = template_file, output_format = "md") 4. └─quarto:::find_quarto() 5. └─cli::cli_abort(quarto_not_found_msg) 6. └─rlang::abort(...) [ FAIL 1 | WARN 0 | SKIP 1 | PASS 7 ] Error: Test failures Execution halted Flavor: r-release-macos-x86_64

Version: 0.0.8
Check: running R code from vignettes
Result: ERROR Errors in running code in vignettes: when running code in ‘autonewsmd.Rmd’ ... > an$write(force = TRUE) When sourcing ‘autonewsmd.R’: Error: Quarto command-line tools path not found! Please make sure you have installed and added Quarto to your PATH or set the QUARTO_PATH environment variable. Execution halted ‘autonewsmd.Rmd’ using ‘UTF-8’... failed Flavors: r-oldrel-macos-arm64, r-oldrel-macos-x86_64

Version: 0.0.8
Check: tests
Result: ERROR Running ‘testthat.R’ [1s/4s] Running the tests in ‘tests/testthat.R’ failed. Last 13 lines of output: Error in `find_quarto()`: Quarto command-line tools path not found! Please make sure you have installed and added Quarto to your PATH or set the QUARTO_PATH environment variable. Backtrace: ▆ 1. └─an$write(force = TRUE) at test-autonewsmd.R:83:3 2. └─autonewsmd:::write_autonewsmd(self, private, force, con) 3. └─quarto::quarto_render(input = template_file, output_format = "md") 4. └─quarto:::find_quarto() 5. └─cli::cli_abort(quarto_not_found_msg) 6. └─rlang::abort(...) [ FAIL 1 | WARN 0 | SKIP 1 | PASS 7 ] Error: Test failures Execution halted Flavor: r-oldrel-macos-x86_64