CRAN Package Check Results for Package autocogs

Last updated on 2021-10-20 23:50:02 CEST.

Flavor Version Tinstall Tcheck Ttotal Status Flags
r-devel-linux-x86_64-debian-clang 0.1.4 5.07 57.31 62.38 OK
r-devel-linux-x86_64-debian-gcc 0.1.4 3.99 42.58 46.57 OK
r-devel-linux-x86_64-fedora-clang 0.1.4 84.41 NOTE
r-devel-linux-x86_64-fedora-gcc 0.1.4 71.80 NOTE
r-devel-windows-x86_64 0.1.4 11.00 77.00 88.00 OK
r-devel-windows-x86_64-gcc10-UCRT 0.1.4 NOTE
r-patched-linux-x86_64 0.1.4 5.21 53.11 58.32 OK
r-patched-solaris-x86 0.1.4 118.40 NOTE
r-release-linux-x86_64 0.1.4 5.11 53.33 58.44 OK
r-release-macos-arm64 0.1.4 NOTE
r-release-macos-x86_64 0.1.4 NOTE
r-release-windows-ix86+x86_64 0.1.4 15.00 84.00 99.00 OK
r-oldrel-macos-x86_64 0.1.4 NOTE
r-oldrel-windows-ix86+x86_64 0.1.4 14.00 85.00 99.00 OK

Check Details

Version: 0.1.4
Check: dependencies in R code
Result: NOTE
    Namespaces in Imports field not imported from:
     ‘MASS’ ‘broom’ ‘diptest’ ‘ggplot2’ ‘hexbin’ ‘moments’
     All declared Imports should be used.
Flavors: r-devel-linux-x86_64-fedora-clang, r-devel-linux-x86_64-fedora-gcc, r-devel-windows-x86_64-gcc10-UCRT, r-patched-solaris-x86, r-release-macos-arm64, r-release-macos-x86_64, r-oldrel-macos-x86_64