CRAN Package Check Results for Package autocogs

Last updated on 2023-05-29 00:59:28 CEST.

Flavor Version Tinstall Tcheck Ttotal Status Flags
r-devel-linux-x86_64-debian-clang 0.1.4 6.30 58.27 64.57 OK
r-devel-linux-x86_64-debian-gcc 0.1.4 5.15 45.01 50.16 OK
r-devel-linux-x86_64-fedora-clang 0.1.4 81.19 NOTE
r-devel-linux-x86_64-fedora-gcc 0.1.4 89.62 NOTE
r-devel-windows-x86_64 0.1.4 7.00 64.00 71.00 OK
r-patched-linux-x86_64 0.1.4 4.64 55.36 60.00 OK
r-release-linux-x86_64 0.1.4 3.78 55.14 58.92 OK
r-release-macos-arm64 0.1.4 27.00 OK
r-release-macos-x86_64 0.1.4 42.00 OK
r-release-windows-x86_64 0.1.4 9.00 74.00 83.00 OK
r-oldrel-macos-arm64 0.1.4 27.00 NOTE
r-oldrel-macos-x86_64 0.1.4 54.00 NOTE
r-oldrel-windows-x86_64 0.1.4 9.00 75.00 84.00 OK

Check Details

Version: 0.1.4
Check: dependencies in R code
Result: NOTE
    Namespaces in Imports field not imported from:
     ‘MASS’ ‘broom’ ‘diptest’ ‘ggplot2’ ‘hexbin’ ‘moments’
     All declared Imports should be used.
Flavors: r-devel-linux-x86_64-fedora-clang, r-devel-linux-x86_64-fedora-gcc, r-oldrel-macos-arm64, r-oldrel-macos-x86_64