Last updated on 2023-06-04 00:54:25 CEST.
Flavor | Version | Tinstall | Tcheck | Ttotal | Status | Flags |
---|---|---|---|---|---|---|
r-devel-linux-x86_64-debian-clang | 0.9.11 | 3.64 | 78.43 | 82.07 | NOTE | |
r-devel-linux-x86_64-debian-gcc | 0.9.11 | 2.52 | 60.21 | 62.73 | NOTE | |
r-devel-linux-x86_64-fedora-clang | 0.9.11 | 103.74 | NOTE | |||
r-devel-linux-x86_64-fedora-gcc | 0.9.11 | 125.52 | NOTE | |||
r-devel-windows-x86_64 | 0.9.11 | 6.00 | 79.00 | 85.00 | NOTE | |
r-patched-linux-x86_64 | 0.9.11 | NOTE | ||||
r-release-linux-x86_64 | 0.9.11 | 2.56 | 76.20 | 78.76 | NOTE | |
r-release-macos-arm64 | 0.9.11 | 38.00 | NOTE | |||
r-release-macos-x86_64 | 0.9.11 | 63.00 | NOTE | |||
r-release-windows-x86_64 | 0.9.11 | 8.00 | 93.00 | 101.00 | NOTE | |
r-oldrel-macos-arm64 | 0.9.11 | 34.00 | NOTE | |||
r-oldrel-macos-x86_64 | 0.9.11 | 55.00 | NOTE | |||
r-oldrel-windows-x86_64 | 0.9.11 | 6.00 | 97.00 | 103.00 | NOTE |
Version: 0.9.11
Check: LazyData
Result: NOTE
'LazyData' is specified without a 'data' directory
Flavors: r-devel-linux-x86_64-debian-clang, r-devel-linux-x86_64-debian-gcc, r-devel-linux-x86_64-fedora-clang, r-devel-linux-x86_64-fedora-gcc, r-devel-windows-x86_64, r-patched-linux-x86_64, r-release-linux-x86_64, r-release-macos-arm64, r-release-macos-x86_64, r-release-windows-x86_64, r-oldrel-macos-arm64, r-oldrel-macos-x86_64, r-oldrel-windows-x86_64
Version: 0.9.11
Check: dependencies in R code
Result: NOTE
Namespaces in Imports field not imported from:
‘plotly’ ‘shinycssloaders’
All declared Imports should be used.
Flavors: r-devel-linux-x86_64-fedora-clang, r-devel-linux-x86_64-fedora-gcc, r-oldrel-macos-arm64, r-oldrel-macos-x86_64