CRAN Package Check Results for Package autoCovariateSelection

Last updated on 2024-06-16 00:58:15 CEST.

Flavor Version Tinstall Tcheck Ttotal Status Flags
r-devel-linux-x86_64-debian-clang 1.0.0 6.32 59.82 66.14 NOTE
r-devel-linux-x86_64-debian-gcc 1.0.0 4.62 45.24 49.86 NOTE
r-devel-linux-x86_64-fedora-clang 1.0.0 86.05 NOTE
r-devel-linux-x86_64-fedora-gcc 1.0.0 79.94 NOTE
r-devel-windows-x86_64 1.0.0 6.00 68.00 74.00 NOTE
r-patched-linux-x86_64 1.0.0 6.31 57.93 64.24 NOTE
r-release-linux-x86_64 1.0.0 5.13 58.05 63.18 NOTE
r-release-macos-arm64 1.0.0 28.00 NOTE
r-release-macos-x86_64 1.0.0 39.00 NOTE
r-release-windows-x86_64 1.0.0 6.00 70.00 76.00 NOTE
r-oldrel-macos-arm64 1.0.0 29.00 OK
r-oldrel-macos-x86_64 1.0.0 40.00 OK
r-oldrel-windows-x86_64 1.0.0 8.00 79.00 87.00 OK

Check Details

Version: 1.0.0
Check: Rd files
Result: NOTE checkRd: (-1) get_candidate_covariates.Rd:50: Lost braces 50 | \item \code{covars_data} {The \code{data.frame} that is filtered out of \code{df} with only the selected \code{covars}}. The values of the | ^ checkRd: (-1) get_candidate_covariates.Rd:53: Lost braces 53 | \item \code{patientIds} {The list of patient ids present in the original input \code{df}. This is exactly the same as the input \code{patientIdVector}} | ^ checkRd: (-1) get_prioritised_covariates.Rd:40: Lost braces 40 | \item \code{multiplicative_bias}{The absolute log of the multiplicative bias term for each of the auto-selected prioritised covariates} | ^ checkRd: (-1) get_recurrence_covariates.Rd:34: Lost braces 34 | \item \code{patientIds} {The list of patient ids present in the original input \code{df}. This is exactly the same as the input \code{patientIdVector}} | ^ Flavors: r-devel-linux-x86_64-debian-clang, r-devel-linux-x86_64-debian-gcc, r-devel-linux-x86_64-fedora-clang, r-devel-linux-x86_64-fedora-gcc, r-devel-windows-x86_64, r-patched-linux-x86_64, r-release-linux-x86_64, r-release-macos-arm64, r-release-macos-x86_64, r-release-windows-x86_64