CRAN Package Check Results for Package atmopt

Last updated on 2021-12-01 23:51:30 CET.

Flavor Version Tinstall Tcheck Ttotal Status Flags
r-devel-linux-x86_64-debian-clang 0.1.0 3.97 31.56 35.53 NOTE
r-devel-linux-x86_64-debian-gcc 0.1.0 2.57 24.81 27.38 NOTE
r-devel-linux-x86_64-fedora-clang 0.1.0 58.58 NOTE
r-devel-linux-x86_64-fedora-gcc 0.1.0 43.18 NOTE
r-devel-windows-x86_64-new-UL 0.1.0 9.00 71.00 80.00 NOTE
r-devel-windows-x86_64-new-TK 0.1.0 NOTE
r-devel-windows-x86_64-old 0.1.0 7.00 40.00 47.00 NOTE
r-patched-linux-x86_64 0.1.0 3.09 30.53 33.62 NOTE
r-patched-solaris-x86 0.1.0 65.40 NOTE
r-release-linux-x86_64 0.1.0 3.72 30.94 34.66 NOTE
r-release-macos-arm64 0.1.0 NOTE
r-release-macos-x86_64 0.1.0 NOTE
r-release-windows-ix86+x86_64 0.1.0 9.00 52.00 61.00 NOTE
r-oldrel-macos-x86_64 0.1.0 OK
r-oldrel-windows-ix86+x86_64 0.1.0 9.00 53.00 62.00 OK

Check Details

Version: 0.1.0
Check: LazyData
Result: NOTE
     'LazyData' is specified without a 'data' directory
Flavors: r-devel-linux-x86_64-debian-clang, r-devel-linux-x86_64-debian-gcc, r-devel-linux-x86_64-fedora-clang, r-devel-linux-x86_64-fedora-gcc, r-devel-windows-x86_64-new-UL, r-devel-windows-x86_64-new-TK, r-devel-windows-x86_64-old, r-patched-linux-x86_64, r-patched-solaris-x86, r-release-linux-x86_64, r-release-macos-arm64, r-release-macos-x86_64, r-release-windows-ix86+x86_64