CRAN Package Check Results for Package assertive.strings

Last updated on 2022-07-06 23:52:38 CEST.

Flavor Version Tinstall Tcheck Ttotal Status Flags
r-devel-linux-x86_64-debian-clang 0.0-3 2.04 30.31 32.35 NOTE
r-devel-linux-x86_64-debian-gcc 0.0-3 2.25 22.70 24.95 NOTE
r-devel-linux-x86_64-fedora-clang 0.0-3 49.18 NOTE
r-devel-linux-x86_64-fedora-gcc 0.0-3 48.04 NOTE
r-devel-windows-x86_64 0.0-3 39.00 54.00 93.00 NOTE
r-patched-linux-x86_64 0.0-3 2.42 29.06 31.48 NOTE
r-release-linux-x86_64 0.0-3 2.67 28.66 31.33 NOTE
r-release-macos-arm64 0.0-3 17.00 NOTE
r-release-macos-x86_64 0.0-3 25.00 NOTE
r-release-windows-x86_64 0.0-3 71.00 56.00 127.00 NOTE
r-oldrel-macos-arm64 0.0-3 22.00 NOTE
r-oldrel-macos-x86_64 0.0-3 30.00 NOTE
r-oldrel-windows-ix86+x86_64 0.0-3 5.00 53.00 58.00 NOTE

Check Details

Version: 0.0-3
Check: LazyData
Result: NOTE
     'LazyData' is specified without a 'data' directory
Flavors: r-devel-linux-x86_64-debian-clang, r-devel-linux-x86_64-debian-gcc, r-devel-linux-x86_64-fedora-clang, r-devel-linux-x86_64-fedora-gcc, r-devel-windows-x86_64, r-patched-linux-x86_64, r-release-linux-x86_64, r-release-macos-arm64, r-release-macos-x86_64, r-release-windows-x86_64, r-oldrel-macos-arm64, r-oldrel-macos-x86_64, r-oldrel-windows-ix86+x86_64