Last updated on 2023-05-29 00:59:28 CEST.
Flavor | Version | Tinstall | Tcheck | Ttotal | Status | Flags |
---|---|---|---|---|---|---|
r-devel-linux-x86_64-debian-clang | 3.3.0 | 27.32 | 205.45 | 232.77 | NOTE | |
r-devel-linux-x86_64-debian-gcc | 3.3.0 | 22.50 | 156.45 | 178.95 | NOTE | |
r-devel-linux-x86_64-fedora-clang | 3.3.0 | 296.29 | NOTE | |||
r-devel-linux-x86_64-fedora-gcc | 3.3.0 | 324.51 | NOTE | |||
r-devel-windows-x86_64 | 3.3.0 | 28.00 | 178.00 | 206.00 | NOTE | |
r-patched-linux-x86_64 | 3.3.0 | 35.78 | 198.87 | 234.65 | NOTE | |
r-release-linux-x86_64 | 3.3.0 | 30.19 | 197.51 | 227.70 | NOTE | |
r-release-macos-arm64 | 3.3.0 | 8.00 | ERROR | |||
r-release-macos-x86_64 | 3.3.0 | 88.00 | NOTE | |||
r-release-windows-x86_64 | 3.3.0 | 36.00 | 227.00 | 263.00 | NOTE | |
r-oldrel-macos-arm64 | 3.3.0 | 87.00 | NOTE | |||
r-oldrel-macos-x86_64 | 3.3.0 | 98.00 | NOTE | |||
r-oldrel-windows-x86_64 | 3.3.0 | 36.00 | 206.00 | 242.00 | NOTE |
Version: 3.3.0
Check: package dependencies
Result: NOTE
Packages suggested but not available for checking:
'sfit', 'expectile', 'HaarSeg', 'mpcbs'
Flavors: r-devel-linux-x86_64-debian-clang, r-devel-linux-x86_64-debian-gcc, r-devel-linux-x86_64-fedora-clang, r-devel-linux-x86_64-fedora-gcc, r-devel-windows-x86_64, r-patched-linux-x86_64, r-release-linux-x86_64, r-release-windows-x86_64, r-oldrel-macos-arm64, r-oldrel-macos-x86_64, r-oldrel-windows-x86_64
Version: 3.3.0
Check: package dependencies
Result: ERROR
Package required but not available: ‘PSCBS’
Packages suggested but not available for checking:
'aroma.light', 'GLAD', 'sfit', 'expectile', 'HaarSeg', 'mpcbs'
See section ‘The DESCRIPTION file’ in the ‘Writing R Extensions’
manual.
Flavor: r-release-macos-arm64
Version: 3.3.0
Check: package dependencies
Result: NOTE
Packages suggested but not available for checking:
'GLAD', 'sfit', 'expectile', 'HaarSeg', 'mpcbs'
Flavor: r-release-macos-x86_64
Version: 3.3.0
Check: Rd cross-references
Result: NOTE
Package unavailable to check Rd xrefs: ‘GLAD’
Flavor: r-release-macos-x86_64