Last updated on 2023-06-01 00:59:34 CEST.
Flavor | Version | Tinstall | Tcheck | Ttotal | Status | Flags |
---|---|---|---|---|---|---|
r-devel-linux-x86_64-debian-clang | 1.7.0 | 13.70 | 87.56 | 101.26 | OK | |
r-devel-linux-x86_64-debian-gcc | 1.7.0 | 11.08 | 67.02 | 78.10 | OK | |
r-devel-linux-x86_64-fedora-clang | 1.7.0 | 127.07 | OK | |||
r-devel-linux-x86_64-fedora-gcc | 1.7.0 | 130.97 | OK | |||
r-devel-windows-x86_64 | 1.7.0 | 12.00 | 84.00 | 96.00 | OK | |
r-patched-linux-x86_64 | 1.7.0 | OK | ||||
r-release-linux-x86_64 | 1.7.0 | 10.29 | 85.65 | 95.94 | OK | |
r-release-macos-arm64 | 1.7.0 | 5.00 | ERROR | |||
r-release-macos-x86_64 | 1.7.0 | 67.00 | NOTE | |||
r-release-windows-x86_64 | 1.7.0 | 17.00 | 98.00 | 115.00 | OK | |
r-oldrel-macos-arm64 | 1.7.0 | 39.00 | OK | |||
r-oldrel-macos-x86_64 | 1.7.0 | 50.00 | OK | |||
r-oldrel-windows-x86_64 | 1.7.0 | 18.00 | 101.00 | 119.00 | OK |
Version: 1.7.0
Check: package dependencies
Result: ERROR
Packages required but not available: 'aroma.core', 'PSCBS'
Packages suggested but not available for checking: 'aroma.light', 'GLAD'
See section ‘The DESCRIPTION file’ in the ‘Writing R Extensions’
manual.
Flavor: r-release-macos-arm64
Version: 1.7.0
Check: package dependencies
Result: NOTE
Package suggested but not available for checking: ‘GLAD’
Flavor: r-release-macos-x86_64