CRAN Package Check Results for Package arenar

Last updated on 2023-06-07 01:03:19 CEST.

Flavor Version Tinstall Tcheck Ttotal Status Flags
r-devel-linux-x86_64-debian-clang 0.2.0 4.41 103.03 107.44 NOTE
r-devel-linux-x86_64-debian-gcc 0.2.0 3.19 80.50 83.69 NOTE
r-devel-linux-x86_64-fedora-clang 0.2.0 126.43 NOTE
r-devel-linux-x86_64-fedora-gcc 0.2.0 135.64 NOTE
r-devel-windows-x86_64 0.2.0 6.00 96.00 102.00 NOTE
r-patched-linux-x86_64 0.2.0 3.13 98.83 101.96 NOTE
r-release-linux-x86_64 0.2.0 2.87 100.79 103.66 NOTE
r-release-macos-arm64 0.2.0 54.00 NOTE
r-release-macos-x86_64 0.2.0 76.00 NOTE
r-release-windows-x86_64 0.2.0 7.00 106.00 113.00 NOTE
r-oldrel-macos-arm64 0.2.0 46.00 NOTE
r-oldrel-macos-x86_64 0.2.0 90.00 NOTE
r-oldrel-windows-x86_64 0.2.0 7.00 108.00 115.00 NOTE

Check Details

Version: 0.2.0
Check: LazyData
Result: NOTE
     'LazyData' is specified without a 'data' directory
Flavors: r-devel-linux-x86_64-debian-clang, r-devel-linux-x86_64-debian-gcc, r-devel-linux-x86_64-fedora-clang, r-devel-linux-x86_64-fedora-gcc, r-devel-windows-x86_64, r-patched-linux-x86_64, r-release-linux-x86_64, r-release-macos-arm64, r-release-macos-x86_64, r-release-windows-x86_64, r-oldrel-macos-arm64, r-oldrel-macos-x86_64, r-oldrel-windows-x86_64