CRAN Package Check Results for Package archive

Last updated on 2022-01-24 23:54:19 CET.

Flavor Version Tinstall Tcheck Ttotal Status Flags
r-devel-linux-x86_64-debian-clang 1.1.3 24.95 48.70 73.65 OK
r-devel-linux-x86_64-debian-gcc 1.1.3 18.62 37.01 55.63 OK
r-devel-linux-x86_64-fedora-clang 1.1.3 101.37 OK
r-devel-linux-x86_64-fedora-gcc 1.1.3 86.34 OK
r-devel-windows-x86_64-new-UL 1.1.3 66.00 148.00 214.00 OK
r-devel-windows-x86_64-new-TK 1.1.3 OK
r-patched-linux-x86_64 1.1.3 20.75 45.76 66.51 OK
r-release-linux-x86_64 1.1.3 23.35 45.55 68.90 OK
r-release-macos-arm64 1.1.3 OK
r-release-macos-x86_64 1.1.3 OK
r-release-windows-ix86+x86_64 1.1.3 98.00 92.00 190.00 NOTE
r-oldrel-macos-x86_64 1.1.3 OK
r-oldrel-windows-ix86+x86_64 1.1.3 99.00 91.00 190.00 NOTE

Check Details

Version: 1.1.3
Check: installed package size
Result: NOTE
     installed size is 5.7Mb
     sub-directories of 1Mb or more:
     libs 5.0Mb
Flavors: r-release-windows-ix86+x86_64, r-oldrel-windows-ix86+x86_64