CRAN Package Check Results for Package apt

Last updated on 2021-09-19 23:49:52 CEST.

Flavor Version Tinstall Tcheck Ttotal Status Flags
r-devel-linux-x86_64-debian-clang 3.0 10.54 93.60 104.14 OK
r-devel-linux-x86_64-debian-gcc 3.0 8.90 69.53 78.43 OK
r-devel-linux-x86_64-fedora-clang 3.0 135.16 OK
r-devel-linux-x86_64-fedora-gcc 3.0 118.54 OK
r-devel-windows-x86_64 3.0 12.00 88.00 100.00 OK
r-devel-windows-x86_64-gcc10-UCRT 3.0 ERROR
r-patched-linux-x86_64 3.0 10.63 87.49 98.12 OK
r-patched-solaris-x86 3.0 180.20 OK
r-release-linux-x86_64 3.0 9.46 87.81 97.27 OK
r-release-macos-arm64 3.0 OK
r-release-macos-x86_64 3.0 OK
r-release-windows-ix86+x86_64 3.0 27.00 120.00 147.00 OK
r-oldrel-macos-x86_64 3.0 OK
r-oldrel-windows-ix86+x86_64 3.0 26.00 85.00 111.00 OK

Check Details

Version: 3.0
Check: whether package can be installed
Result: WARN
    Found the following significant warnings:
     WARNING: installation-time patches will not be applied, could not get the patches index
Flavor: r-devel-windows-x86_64-gcc10-UCRT

Version: 3.0
Check: PDF version of manual
Result: WARN
    LaTeX errors when creating PDF version.
    This typically indicates Rd problems.
Flavor: r-devel-windows-x86_64-gcc10-UCRT

Version: 3.0
Check: PDF version of manual without hyperrefs or index
Result: ERROR
    Re-running with no redirection of stdout/stderr.
Flavor: r-devel-windows-x86_64-gcc10-UCRT