Last updated on 2023-01-30 00:31:05 CET.
Flavor | Version | Tinstall | Tcheck | Ttotal | Status | Flags |
---|---|---|---|---|---|---|
r-devel-linux-x86_64-debian-clang | 1.0.2 | 308.64 | 90.34 | 398.98 | OK | |
r-devel-linux-x86_64-debian-gcc | 1.0.2 | 230.30 | 64.96 | 295.26 | NOTE | |
r-devel-linux-x86_64-fedora-clang | 1.0.2 | 610.57 | OK | |||
r-devel-linux-x86_64-fedora-gcc | 1.0.2 | 503.50 | NOTE | |||
r-devel-windows-x86_64 | 1.0.2 | 253.00 | 142.00 | 395.00 | NOTE | |
r-patched-linux-x86_64 | 1.0.2 | 250.99 | 91.00 | 341.99 | OK | |
r-release-linux-x86_64 | 1.0.2 | 254.92 | 92.04 | 346.96 | OK | |
r-release-macos-arm64 | 1.0.2 | 121.00 | NOTE | |||
r-release-macos-x86_64 | 1.0.2 | 157.00 | NOTE | |||
r-release-windows-x86_64 | 1.0.2 | 255.00 | 136.00 | 391.00 | OK | |
r-oldrel-macos-arm64 | 1.0.2 | 123.00 | NOTE | |||
r-oldrel-macos-x86_64 | 1.0.2 | 151.00 | NOTE | |||
r-oldrel-windows-ix86+x86_64 | 1.0.2 | 728.00 | 220.00 | 948.00 | OK |
Version: 1.0.2
Check: C++ specification
Result: NOTE
Specified C++14: please update to current default of C++17
Flavors: r-devel-linux-x86_64-debian-gcc, r-devel-linux-x86_64-fedora-gcc, r-devel-windows-x86_64
Version: 1.0.2
Check: installed package size
Result: NOTE
installed size is 36.1Mb
sub-directories of 1Mb or more:
libs 35.8Mb
Flavors: r-release-macos-arm64, r-release-macos-x86_64, r-oldrel-macos-arm64, r-oldrel-macos-x86_64