CRAN Package Check Results for Package apollo

Last updated on 2021-05-06 23:49:23 CEST.

Flavor Version Tinstall Tcheck Ttotal Status Flags
r-devel-linux-x86_64-debian-clang 0.2.4 67.11 177.71 244.82 NOTE
r-devel-linux-x86_64-debian-gcc 0.2.4 50.33 131.48 181.81 NOTE
r-devel-linux-x86_64-fedora-clang 0.2.4 312.34 OK
r-devel-linux-x86_64-fedora-gcc 0.2.4 295.26 OK
r-devel-windows-ix86+x86_64 0.2.4 135.00 225.00 360.00 OK
r-devel-windows-x86_64-gcc10-UCRT 0.2.4 OK
r-patched-linux-x86_64 0.2.4 61.12 171.33 232.45 NOTE
r-patched-solaris-x86 0.2.4 350.50 OK
r-release-linux-x86_64 0.2.4 60.46 158.21 218.67 NOTE
r-release-macos-x86_64 0.2.4 OK
r-release-windows-ix86+x86_64 0.2.4 101.00 161.00 262.00 OK
r-oldrel-macos-x86_64 0.2.4 ERROR
r-oldrel-windows-ix86+x86_64 0.1.0 116.00 215.00 331.00 OK

Check Details

Version: 0.2.4
Check: R code for possible problems
Result: NOTE
    Found the following calls to attach():
    File 'apollo/R/apollo_attach.R':
     attach(as.list(apollo_beta))
     attach(database)
     attach(draws)
     attach(randcoeff)
     attach(lcpars)
    See section 'Good practice' in '?attach'.
Flavors: r-devel-linux-x86_64-debian-clang, r-devel-linux-x86_64-debian-gcc, r-patched-linux-x86_64, r-release-linux-x86_64

Version: 0.2.4
Check: whether package can be installed
Result: ERROR
    Installation failed.
Flavor: r-oldrel-macos-x86_64