CRAN Package Check Results for Package apc

Last updated on 2021-09-15 23:49:36 CEST.

Flavor Version Tinstall Tcheck Ttotal Status Flags
r-devel-linux-x86_64-debian-clang 2.0.0 22.42 632.88 655.30 OK
r-devel-linux-x86_64-debian-gcc 2.0.0 16.77 463.18 479.95 OK
r-devel-linux-x86_64-fedora-clang 2.0.0 774.93 NOTE
r-devel-linux-x86_64-fedora-gcc 2.0.0 782.55 NOTE
r-devel-windows-x86_64 2.0.0 35.00 717.00 752.00 OK
r-devel-windows-x86_64-gcc10-UCRT 2.0.0 NOTE
r-patched-linux-x86_64 2.0.0 26.34 627.36 653.70 OK
r-patched-solaris-x86 2.0.0 1284.20 NOTE
r-release-linux-x86_64 2.0.0 20.06 623.35 643.41 OK
r-release-macos-arm64 2.0.0 NOTE
r-release-macos-x86_64 2.0.0 NOTE
r-release-windows-ix86+x86_64 2.0.0 47.00 775.00 822.00 OK
r-oldrel-macos-x86_64 2.0.0 NOTE
r-oldrel-windows-ix86+x86_64 2.0.0 46.00 739.00 785.00 OK

Check Details

Version: 2.0.0
Check: dependencies in R code
Result: NOTE
    Namespaces in Imports field not imported from:
     ‘AER’ ‘ChainLadder’ ‘ISLR’ ‘ggplot2’
     All declared Imports should be used.
Flavors: r-devel-linux-x86_64-fedora-clang, r-devel-linux-x86_64-fedora-gcc, r-devel-windows-x86_64-gcc10-UCRT, r-patched-solaris-x86, r-release-macos-arm64, r-release-macos-x86_64, r-oldrel-macos-x86_64