CRAN Package Check Results for Package apaText

Last updated on 2021-10-24 23:51:40 CEST.

Flavor Version Tinstall Tcheck Ttotal Status Flags
r-devel-linux-x86_64-debian-clang 0.1.1 3.54 39.65 43.19 NOTE
r-devel-linux-x86_64-debian-gcc 0.1.1 2.91 30.05 32.96 NOTE
r-devel-linux-x86_64-fedora-clang 0.1.1 63.88 NOTE
r-devel-linux-x86_64-fedora-gcc 0.1.1 54.79 NOTE
r-devel-windows-x86_64 0.1.1 8.00 57.00 65.00 NOTE
r-devel-windows-x86_64-gcc10-UCRT 0.1.1 NOTE
r-patched-linux-x86_64 0.1.1 3.51 37.17 40.68 NOTE
r-patched-solaris-x86 0.1.1 75.50 NOTE
r-release-linux-x86_64 0.1.1 3.32 36.89 40.21 NOTE
r-release-macos-arm64 0.1.1 NOTE
r-release-macos-x86_64 0.1.1 NOTE
r-release-windows-ix86+x86_64 0.1.1 8.00 60.00 68.00 NOTE
r-oldrel-macos-x86_64 0.1.1 OK
r-oldrel-windows-ix86+x86_64 0.1.1 10.00 61.00 71.00 OK

Check Details

Version: 0.1.1
Check: LazyData
Result: NOTE
     'LazyData' is specified without a 'data' directory
Flavors: r-devel-linux-x86_64-debian-clang, r-devel-linux-x86_64-debian-gcc, r-devel-linux-x86_64-fedora-clang, r-devel-linux-x86_64-fedora-gcc, r-devel-windows-x86_64, r-devel-windows-x86_64-gcc10-UCRT, r-patched-linux-x86_64, r-patched-solaris-x86, r-release-linux-x86_64, r-release-macos-arm64, r-release-macos-x86_64, r-release-windows-ix86+x86_64