CRAN Package Check Results for Package apa

Last updated on 2021-10-18 23:49:24 CEST.

Flavor Version Tinstall Tcheck Ttotal Status Flags
r-devel-linux-x86_64-debian-clang 0.3.3 5.05 63.14 68.19 NOTE
r-devel-linux-x86_64-debian-gcc 0.3.3 4.53 47.05 51.58 NOTE
r-devel-linux-x86_64-fedora-clang 0.3.3 90.16 NOTE
r-devel-linux-x86_64-fedora-gcc 0.3.3 78.90 NOTE
r-devel-windows-x86_64 0.3.3 10.00 87.00 97.00 NOTE
r-devel-windows-x86_64-gcc10-UCRT 0.3.3 NOTE
r-patched-linux-x86_64 0.3.3 5.00 58.38 63.38 NOTE
r-patched-solaris-x86 0.3.3 114.60 NOTE
r-release-linux-x86_64 0.3.3 5.41 57.84 63.25 NOTE
r-release-macos-arm64 0.3.3 NOTE
r-release-macos-x86_64 0.3.3 NOTE
r-release-windows-ix86+x86_64 0.3.3 16.00 88.00 104.00 NOTE
r-oldrel-macos-x86_64 0.3.3 OK
r-oldrel-windows-ix86+x86_64 0.3.3 15.00 92.00 107.00 OK

Check Details

Version: 0.3.3
Check: LazyData
Result: NOTE
     'LazyData' is specified without a 'data' directory
Flavors: r-devel-linux-x86_64-debian-clang, r-devel-linux-x86_64-debian-gcc, r-devel-linux-x86_64-fedora-clang, r-devel-linux-x86_64-fedora-gcc, r-devel-windows-x86_64, r-devel-windows-x86_64-gcc10-UCRT, r-patched-linux-x86_64, r-patched-solaris-x86, r-release-linux-x86_64, r-release-macos-arm64, r-release-macos-x86_64, r-release-windows-ix86+x86_64