CRAN Package Check Results for Package anomaly

Last updated on 2022-01-23 23:50:09 CET.

Flavor Version Tinstall Tcheck Ttotal Status Flags
r-devel-linux-x86_64-debian-clang 4.0.2 66.62 132.97 199.59 OK
r-devel-linux-x86_64-debian-gcc 4.0.2 49.55 107.76 157.31 OK
r-devel-linux-x86_64-fedora-clang 4.0.2 301.56 NOTE
r-devel-linux-x86_64-fedora-gcc 4.0.2 229.51 OK
r-devel-windows-x86_64-new-UL 4.0.2 143.00 183.00 326.00 NOTE
r-devel-windows-x86_64-new-TK 4.0.2 OK
r-patched-linux-x86_64 4.0.2 57.01 122.55 179.56 OK
r-release-linux-x86_64 4.0.2 56.84 122.02 178.86 OK
r-release-macos-arm64 4.0.2 NOTE
r-release-macos-x86_64 4.0.2 NOTE
r-release-windows-ix86+x86_64 4.0.2 178.00 232.00 410.00 NOTE
r-oldrel-macos-x86_64 4.0.2 NOTE
r-oldrel-windows-ix86+x86_64 4.0.2 179.00 234.00 413.00 NOTE

Check Details

Version: 4.0.2
Check: installed package size
Result: NOTE
     installed size is 6.9Mb
     sub-directories of 1Mb or more:
     data 4.1Mb
     libs 2.3Mb
Flavors: r-devel-linux-x86_64-fedora-clang, r-devel-windows-x86_64-new-UL, r-release-macos-arm64, r-release-macos-x86_64, r-release-windows-ix86+x86_64, r-oldrel-macos-x86_64, r-oldrel-windows-ix86+x86_64