CRAN Package Check Results for Package analogsea

Last updated on 2021-10-20 23:50:02 CEST.

Flavor Version Tinstall Tcheck Ttotal Status Flags
r-devel-linux-x86_64-debian-clang 1.0.0 5.31 38.73 44.04 OK
r-devel-linux-x86_64-debian-gcc 1.0.0 3.58 30.60 34.18 OK
r-devel-linux-x86_64-fedora-clang 1.0.0 64.80 OK
r-devel-linux-x86_64-fedora-gcc 1.0.0 52.25 OK
r-devel-windows-x86_64 1.0.0 9.00 60.00 69.00 OK
r-devel-windows-x86_64-gcc10-UCRT 1.0.0 OK
r-patched-linux-x86_64 1.0.0 5.87 37.97 43.84 OK
r-patched-solaris-x86 1.0.0 75.10 NOTE
r-release-linux-x86_64 1.0.0 4.75 37.76 42.51 OK
r-release-macos-arm64 1.0.0 OK
r-release-macos-x86_64 1.0.0 OK
r-release-windows-ix86+x86_64 1.0.0 9.00 61.00 70.00 OK
r-oldrel-macos-x86_64 1.0.0 OK
r-oldrel-windows-ix86+x86_64 1.0.0 10.00 62.00 72.00 OK

Check Details

Version: 1.0.0
Check: package dependencies
Result: NOTE
    Package suggested but not available for checking: ‘ssh’
Flavor: r-patched-solaris-x86