Last updated on 2023-01-27 23:37:51 CET.
Flavor | Version | Tinstall | Tcheck | Ttotal | Status | Flags |
---|---|---|---|---|---|---|
r-devel-linux-x86_64-debian-clang | 0.2.3 | 39.80 | 36.95 | 76.75 | OK | |
r-devel-linux-x86_64-debian-gcc | 0.2.3 | 30.46 | 27.88 | 58.34 | NOTE | |
r-devel-linux-x86_64-fedora-clang | 0.2.3 | 113.41 | OK | |||
r-devel-linux-x86_64-fedora-gcc | 0.2.3 | 96.98 | NOTE | |||
r-devel-windows-x86_64 | 0.2.3 | 39.00 | 82.00 | 121.00 | OK | |
r-patched-linux-x86_64 | 0.2.3 | 36.69 | 33.99 | 70.68 | OK | |
r-release-linux-x86_64 | 0.2.3 | 35.32 | 34.47 | 69.79 | OK | |
r-release-macos-arm64 | 0.2.3 | 33.00 | OK | |||
r-release-macos-x86_64 | 0.2.3 | 41.00 | OK | |||
r-release-windows-x86_64 | 0.2.3 | 49.00 | 85.00 | 134.00 | OK | |
r-oldrel-macos-arm64 | 0.2.3 | 32.00 | OK | |||
r-oldrel-macos-x86_64 | 0.2.3 | 44.00 | OK | |||
r-oldrel-windows-ix86+x86_64 | 0.2.3 | 100.00 | 89.00 | 189.00 | OK |
Version: 0.2.3
Check: C++ specification
Result: NOTE
Specified C++11: please update to current default of C++17
Flavors: r-devel-linux-x86_64-debian-gcc, r-devel-linux-x86_64-fedora-gcc