CRAN Package Check Results for Package ambhasGW

Last updated on 2021-09-19 23:49:52 CEST.

Flavor Version Tinstall Tcheck Ttotal Status Flags
r-devel-linux-x86_64-debian-clang 0.0.2 9.34 87.28 96.62 OK
r-devel-linux-x86_64-debian-gcc 0.0.2 7.52 66.60 74.12 OK
r-devel-linux-x86_64-fedora-clang 0.0.2 120.61 OK
r-devel-linux-x86_64-fedora-gcc 0.0.2 110.85 OK
r-devel-windows-x86_64 0.0.2 10.00 77.00 87.00 OK
r-devel-windows-x86_64-gcc10-UCRT 0.0.2 ERROR
r-patched-linux-x86_64 0.0.2 8.64 83.65 92.29 OK
r-patched-solaris-x86 0.0.2 160.10 OK
r-release-linux-x86_64 0.0.2 8.54 84.16 92.70 OK
r-release-macos-arm64 0.0.2 OK
r-release-macos-x86_64 0.0.2 OK
r-release-windows-ix86+x86_64 0.0.2 20.00 104.00 124.00 OK
r-oldrel-macos-x86_64 0.0.2 OK
r-oldrel-windows-ix86+x86_64 0.0.2 19.00 111.00 130.00 OK

Check Details

Version: 0.0.2
Check: whether package can be installed
Result: WARN
    Found the following significant warnings:
     WARNING: installation-time patches will not be applied, could not get the patches index
Flavor: r-devel-windows-x86_64-gcc10-UCRT

Version: 0.0.2
Check: PDF version of manual
Result: WARN
    LaTeX errors when creating PDF version.
    This typically indicates Rd problems.
Flavor: r-devel-windows-x86_64-gcc10-UCRT

Version: 0.0.2
Check: PDF version of manual without hyperrefs or index
Result: ERROR
    Re-running with no redirection of stdout/stderr.
Flavor: r-devel-windows-x86_64-gcc10-UCRT