CRAN Package Check Results for Package amber

Last updated on 2021-09-23 23:49:59 CEST.

Flavor Version Tinstall Tcheck Ttotal Status Flags
r-devel-linux-x86_64-debian-clang 1.0.3 13.80 218.69 232.49 NOTE
r-devel-linux-x86_64-debian-gcc 1.0.3 10.92 164.62 175.54 NOTE
r-devel-linux-x86_64-fedora-clang 1.0.3 297.30 NOTE
r-devel-linux-x86_64-fedora-gcc 1.0.3 283.76 NOTE
r-devel-windows-x86_64 1.0.3 16.00 199.00 215.00 NOTE
r-devel-windows-x86_64-gcc10-UCRT 1.0.3 NOTE
r-patched-linux-x86_64 1.0.3 13.66 209.17 222.83 NOTE
r-patched-solaris-x86 1.0.3 338.90 NOTE
r-release-linux-x86_64 1.0.3 11.90 207.96 219.86 NOTE
r-release-macos-arm64 1.0.3 NOTE
r-release-macos-x86_64 1.0.3 NOTE
r-release-windows-ix86+x86_64 1.0.3 24.00 263.00 287.00 NOTE
r-oldrel-macos-x86_64 1.0.3 NOTE
r-oldrel-windows-ix86+x86_64 1.0.3 16.00 194.00 210.00 NOTE

Check Details

Version: 1.0.3
Check: LazyData
Result: NOTE
     'LazyData' is specified without a 'data' directory
Flavors: r-devel-linux-x86_64-debian-clang, r-devel-linux-x86_64-debian-gcc, r-devel-linux-x86_64-fedora-clang, r-devel-linux-x86_64-fedora-gcc, r-devel-windows-x86_64, r-devel-windows-x86_64-gcc10-UCRT, r-patched-linux-x86_64, r-patched-solaris-x86, r-release-linux-x86_64, r-release-macos-arm64, r-release-macos-x86_64, r-release-windows-ix86+x86_64

Version: 1.0.3
Check: installed package size
Result: NOTE
     installed size is 9.7Mb
     sub-directories of 1Mb or more:
     extdata 8.4Mb
Flavors: r-devel-linux-x86_64-fedora-clang, r-devel-windows-x86_64, r-patched-solaris-x86, r-release-macos-arm64, r-release-macos-x86_64, r-release-windows-ix86+x86_64, r-oldrel-macos-x86_64, r-oldrel-windows-ix86+x86_64

Version: 1.0.3
Check: dependencies in R code
Result: NOTE
    Namespace in Imports field not imported from: ‘rgdal’
     All declared Imports should be used.
Flavors: r-devel-linux-x86_64-fedora-clang, r-devel-linux-x86_64-fedora-gcc, r-devel-windows-x86_64-gcc10-UCRT, r-patched-solaris-x86, r-release-macos-arm64, r-release-macos-x86_64, r-oldrel-macos-x86_64