Last updated on 2023-05-29 00:59:28 CEST.
Flavor | Version | Tinstall | Tcheck | Ttotal | Status | Flags |
---|---|---|---|---|---|---|
r-devel-linux-x86_64-debian-clang | 0.6.0 | 2.82 | 28.76 | 31.58 | OK | |
r-devel-linux-x86_64-debian-gcc | 0.6.0 | 1.94 | 22.77 | 24.71 | OK | |
r-devel-linux-x86_64-fedora-clang | 0.6.0 | 43.25 | NOTE | |||
r-devel-linux-x86_64-fedora-gcc | 0.6.0 | 51.47 | NOTE | |||
r-devel-windows-x86_64 | 0.6.0 | 5.00 | 49.00 | 54.00 | OK | |
r-patched-linux-x86_64 | 0.6.0 | 2.87 | 28.19 | 31.06 | OK | |
r-release-linux-x86_64 | 0.6.0 | 2.58 | 28.10 | 30.68 | OK | |
r-release-macos-arm64 | 0.6.0 | 25.00 | OK | |||
r-release-macos-x86_64 | 0.6.0 | 36.00 | OK | |||
r-release-windows-x86_64 | 0.6.0 | 5.00 | 50.00 | 55.00 | OK | |
r-oldrel-macos-arm64 | 0.6.0 | 19.00 | NOTE | |||
r-oldrel-macos-x86_64 | 0.6.0 | 25.00 | NOTE | |||
r-oldrel-windows-x86_64 | 0.6.0 | 5.00 | 55.00 | 60.00 | OK |
Version: 0.6.0
Check: dependencies in R code
Result: NOTE
Namespace in Imports field not imported from: ‘jsonlite’
All declared Imports should be used.
Flavors: r-devel-linux-x86_64-fedora-clang, r-devel-linux-x86_64-fedora-gcc, r-oldrel-macos-arm64, r-oldrel-macos-x86_64