CRAN Package Check Results for Package amanida

Last updated on 2024-06-14 00:53:34 CEST.

Flavor Version Tinstall Tcheck Ttotal Status Flags
r-devel-linux-x86_64-debian-clang 0.3.0 8.24 135.37 143.61 OK
r-devel-linux-x86_64-debian-gcc 0.3.0 0.42 1.87 2.29 ERROR
r-devel-linux-x86_64-fedora-clang 0.3.0 182.03 NOTE
r-devel-linux-x86_64-fedora-gcc 0.3.0 189.28 NOTE
r-devel-windows-x86_64 0.3.0 10.00 85.00 95.00 NOTE
r-patched-linux-x86_64 0.3.0 6.42 131.43 137.85 OK
r-release-linux-x86_64 0.3.0 6.03 131.70 137.73 OK
r-release-macos-arm64 0.3.0 44.00 NOTE
r-release-macos-x86_64 0.3.0 119.00 OK
r-release-windows-x86_64 0.3.0 9.00 85.00 94.00 NOTE
r-oldrel-macos-arm64 0.3.0 45.00 NOTE
r-oldrel-macos-x86_64 0.3.0 100.00 NOTE
r-oldrel-windows-x86_64 0.3.0 12.00 103.00 115.00 NOTE

Check Details

Version: 0.3.0
Check: package dependencies
Result: ERROR Packages required but not available: 'dplyr', 'ggplot2', 'ggrepel', 'kableExtra', 'readr', 'readxl', 'tibble', 'tidyr', 'tidyverse', 'webchem' Packages suggested but not available for checking: 'metaboliteIDmapping', 'testthat', 'vdiffr' See section ‘The DESCRIPTION file’ in the ‘Writing R Extensions’ manual. Flavor: r-devel-linux-x86_64-debian-gcc

Version: 0.3.0
Check: dependencies in R code
Result: NOTE Namespaces in Imports field not imported from: ‘magrittr’ ‘tidyverse’ All declared Imports should be used. Flavors: r-devel-linux-x86_64-fedora-clang, r-devel-linux-x86_64-fedora-gcc

Version: 0.3.0
Check: package dependencies
Result: NOTE Package suggested but not available for checking: 'metaboliteIDmapping' Flavors: r-devel-windows-x86_64, r-release-macos-arm64, r-release-windows-x86_64, r-oldrel-macos-arm64, r-oldrel-macos-x86_64, r-oldrel-windows-x86_64