CRAN Package Check Results for Package altadata

Last updated on 2022-01-23 23:50:09 CET.

Flavor Version Tinstall Tcheck Ttotal Status Flags
r-devel-linux-x86_64-debian-clang 0.1.1 2.21 29.52 31.73 NOTE
r-devel-linux-x86_64-debian-gcc 0.1.1 1.59 25.19 26.78 NOTE
r-devel-linux-x86_64-fedora-clang 0.1.1 39.24 NOTE
r-devel-linux-x86_64-fedora-gcc 0.1.1 28.02 NOTE
r-devel-windows-x86_64-new-UL 0.1.1 31.00 47.00 78.00 NOTE
r-devel-windows-x86_64-new-TK 0.1.1 NOTE
r-patched-linux-x86_64 0.1.1 1.92 28.12 30.04 NOTE
r-release-linux-x86_64 0.1.1 1.66 27.72 29.38 NOTE
r-release-macos-arm64 0.1.1 NOTE
r-release-macos-x86_64 0.1.1 NOTE
r-release-windows-ix86+x86_64 0.1.1 5.00 36.00 41.00 NOTE
r-oldrel-macos-x86_64 0.1.1 OK
r-oldrel-windows-ix86+x86_64 0.1.1 5.00 36.00 41.00 OK

Check Details

Version: 0.1.1
Check: LazyData
Result: NOTE
     'LazyData' is specified without a 'data' directory
Flavors: r-devel-linux-x86_64-debian-clang, r-devel-linux-x86_64-debian-gcc, r-devel-linux-x86_64-fedora-clang, r-devel-linux-x86_64-fedora-gcc, r-devel-windows-x86_64-new-UL, r-devel-windows-x86_64-new-TK, r-patched-linux-x86_64, r-release-linux-x86_64, r-release-macos-arm64, r-release-macos-x86_64, r-release-windows-ix86+x86_64