CRAN Package Check Results for Package altR2

Last updated on 2021-12-04 23:50:24 CET.

Flavor Version Tinstall Tcheck Ttotal Status Flags
r-devel-linux-x86_64-debian-clang 1.0.0 2.50 34.73 37.23 NOTE
r-devel-linux-x86_64-debian-gcc 1.0.0 1.83 27.83 29.66 NOTE
r-devel-linux-x86_64-fedora-clang 1.0.0 46.45 NOTE
r-devel-linux-x86_64-fedora-gcc 1.0.0 35.83 NOTE
r-devel-windows-x86_64-new-UL 1.0.0 9.00 69.00 78.00 NOTE
r-devel-windows-x86_64-new-TK 1.0.0 NOTE
r-devel-windows-x86_64-old 1.0.0 4.00 32.00 36.00 NOTE
r-patched-linux-x86_64 1.0.0 2.49 25.45 27.94 NOTE
r-release-linux-x86_64 1.0.0 2.47 25.39 27.86 NOTE
r-release-macos-arm64 1.0.0 NOTE
r-release-macos-x86_64 1.0.0 NOTE
r-release-windows-ix86+x86_64 1.0.0 6.00 44.00 50.00 NOTE
r-oldrel-macos-x86_64 1.0.0 OK
r-oldrel-windows-ix86+x86_64 1.0.0 5.00 46.00 51.00 OK

Check Details

Version: 1.0.0
Check: LazyData
Result: NOTE
     'LazyData' is specified without a 'data' directory
Flavors: r-devel-linux-x86_64-debian-clang, r-devel-linux-x86_64-debian-gcc, r-devel-linux-x86_64-fedora-clang, r-devel-linux-x86_64-fedora-gcc, r-devel-windows-x86_64-new-UL, r-devel-windows-x86_64-new-TK, r-devel-windows-x86_64-old, r-patched-linux-x86_64, r-release-linux-x86_64, r-release-macos-arm64, r-release-macos-x86_64, r-release-windows-ix86+x86_64