CRAN Package Check Results for Package alqrfe

Last updated on 2023-01-28 23:51:31 CET.

Flavor Version Tinstall Tcheck Ttotal Status Flags
r-devel-linux-x86_64-debian-clang 1.1 30.40 34.82 65.22 OK
r-devel-linux-x86_64-debian-gcc 1.1 24.19 27.32 51.51 NOTE
r-devel-linux-x86_64-fedora-clang 1.1 97.13 OK
r-devel-linux-x86_64-fedora-gcc 1.1 82.87 NOTE
r-devel-windows-x86_64 1.1 42.00 89.00 131.00 OK
r-patched-linux-x86_64 1.1 28.79 33.71 62.50 OK
r-release-linux-x86_64 1.1 27.93 33.94 61.87 OK
r-release-macos-arm64 1.1 26.00 OK
r-release-macos-x86_64 1.1 39.00 OK
r-release-windows-x86_64 1.1 36.00 83.00 119.00 OK
r-oldrel-macos-arm64 1.1 28.00 OK
r-oldrel-macos-x86_64 1.1 41.00 OK
r-oldrel-windows-ix86+x86_64 1.1 80.00 89.00 169.00 OK

Check Details

Version: 1.1
Check: C++ specification
Result: NOTE
     Specified C++11: please update to current default of C++17
Flavors: r-devel-linux-x86_64-debian-gcc, r-devel-linux-x86_64-fedora-gcc