CRAN Package Check Results for Package alphastable

Last updated on 2021-10-24 23:51:40 CEST.

Flavor Version Tinstall Tcheck Ttotal Status Flags
r-devel-linux-x86_64-debian-clang 0.2.1 6.48 36.93 43.41 NOTE
r-devel-linux-x86_64-debian-gcc 0.2.1 4.97 28.14 33.11 NOTE
r-devel-linux-x86_64-fedora-clang 0.2.1 62.94 NOTE
r-devel-linux-x86_64-fedora-gcc 0.2.1 51.45 NOTE
r-devel-windows-x86_64 0.2.1 10.00 42.00 52.00 NOTE
r-devel-windows-x86_64-gcc10-UCRT 0.2.1 NOTE
r-patched-linux-x86_64 0.2.1 6.02 35.92 41.94 NOTE
r-patched-solaris-x86 0.2.1 72.70 NOTE
r-release-linux-x86_64 0.2.1 6.40 35.86 42.26 NOTE
r-release-macos-arm64 0.2.1 NOTE
r-release-macos-x86_64 0.2.1 NOTE
r-release-windows-ix86+x86_64 0.2.1 10.00 52.00 62.00 NOTE
r-oldrel-macos-x86_64 0.2.1 OK
r-oldrel-windows-ix86+x86_64 0.2.1 12.00 55.00 67.00 OK

Check Details

Version: 0.2.1
Check: LazyData
Result: NOTE
     'LazyData' is specified without a 'data' directory
Flavors: r-devel-linux-x86_64-debian-clang, r-devel-linux-x86_64-debian-gcc, r-devel-linux-x86_64-fedora-clang, r-devel-linux-x86_64-fedora-gcc, r-devel-windows-x86_64, r-devel-windows-x86_64-gcc10-UCRT, r-patched-linux-x86_64, r-patched-solaris-x86, r-release-linux-x86_64, r-release-macos-arm64, r-release-macos-x86_64, r-release-windows-ix86+x86_64