CRAN Package Check Results for Package alpaca

Last updated on 2021-08-03 23:51:57 CEST.

Flavor Version Tinstall Tcheck Ttotal Status Flags
r-devel-linux-x86_64-debian-clang 0.3.3 64.36 47.26 111.62 NOTE
r-devel-linux-x86_64-debian-gcc 0.3.3 42.49 34.71 77.20 OK
r-devel-linux-x86_64-fedora-clang 0.3.3 154.93 OK
r-devel-linux-x86_64-fedora-gcc 0.3.3 133.15 OK
r-devel-windows-x86_64 0.3.3 62.00 75.00 137.00 OK
r-devel-windows-x86_64-gcc10-UCRT 0.3.3 OK
r-patched-linux-x86_64 0.3.3 48.70 42.88 91.58 OK
r-patched-solaris-x86 0.3.3 138.80 OK
r-release-linux-x86_64 0.3.3 49.47 43.41 92.88 OK
r-release-macos-arm64 0.3.3 OK
r-release-macos-x86_64 0.3.3 OK
r-release-windows-ix86+x86_64 0.3.3 139.00 90.00 229.00 OK
r-oldrel-macos-x86_64 0.3.3 OK
r-oldrel-windows-ix86+x86_64 0.3.3 110.00 92.00 202.00 OK

Check Details

Version: 0.3.3
Check: package dependencies
Result: NOTE
    Package suggested but not available for checking: 'lfe'
Flavor: r-devel-linux-x86_64-debian-clang