CRAN Package Check Results for Package algorithmia

Last updated on 2021-09-15 23:49:36 CEST.

Flavor Version Tinstall Tcheck Ttotal Status Flags
r-devel-linux-x86_64-debian-clang 0.3.0 5.05 28.69 33.74 NOTE
r-devel-linux-x86_64-debian-gcc 0.3.0 3.49 22.53 26.02 NOTE
r-devel-linux-x86_64-fedora-clang 0.3.0 49.05 NOTE
r-devel-linux-x86_64-fedora-gcc 0.3.0 38.07 NOTE
r-devel-windows-x86_64 0.3.0 8.00 47.00 55.00 NOTE
r-devel-windows-x86_64-gcc10-UCRT 0.3.0 NOTE
r-patched-linux-x86_64 0.3.0 4.64 27.13 31.77 NOTE
r-patched-solaris-x86 0.3.0 58.60 NOTE
r-release-linux-x86_64 0.3.0 4.20 27.83 32.03 NOTE
r-release-macos-arm64 0.3.0 NOTE
r-release-macos-x86_64 0.3.0 NOTE
r-release-windows-ix86+x86_64 0.3.0 11.00 43.00 54.00 NOTE
r-oldrel-macos-x86_64 0.3.0 OK
r-oldrel-windows-ix86+x86_64 0.3.0 9.00 40.00 49.00 OK

Check Details

Version: 0.3.0
Check: LazyData
Result: NOTE
     'LazyData' is specified without a 'data' directory
Flavors: r-devel-linux-x86_64-debian-clang, r-devel-linux-x86_64-debian-gcc, r-devel-linux-x86_64-fedora-clang, r-devel-linux-x86_64-fedora-gcc, r-devel-windows-x86_64, r-devel-windows-x86_64-gcc10-UCRT, r-patched-linux-x86_64, r-patched-solaris-x86, r-release-linux-x86_64, r-release-macos-arm64, r-release-macos-x86_64, r-release-windows-ix86+x86_64