CRAN Package Check Results for Package ale

Last updated on 2024-06-13 00:55:06 CEST.

Flavor Version Tinstall Tcheck Ttotal Status Flags
r-devel-linux-x86_64-debian-clang 0.3.0 8.60 404.49 413.09 OK
r-devel-linux-x86_64-debian-gcc 0.3.0 0.48 1.91 2.39 ERROR
r-devel-linux-x86_64-fedora-clang 0.3.0 524.35 OK
r-devel-linux-x86_64-fedora-gcc 0.3.0 511.12 OK
r-devel-windows-x86_64 0.3.0 9.00 616.00 625.00 OK
r-patched-linux-x86_64 0.3.0 9.85 394.13 403.98 OK
r-release-linux-x86_64 0.3.0 9.13 396.18 405.31 OK
r-release-macos-arm64 0.3.0 348.00 OK
r-release-macos-x86_64 0.3.0 409.00 OK
r-release-windows-x86_64 0.3.0 9.00 516.00 525.00 OK
r-oldrel-macos-arm64 0.3.0 269.00 OK
r-oldrel-macos-x86_64 0.3.0 323.00 OK
r-oldrel-windows-x86_64 0.3.0 12.00 703.00 715.00 OK

Check Details

Version: 0.3.0
Check: package dependencies
Result: ERROR Packages required but not available: 'broom', 'dplyr', 'furrr', 'ggplot2', 'ggpubr', 'purrr', 'stringr', 'tidyr', 'univariateML' Packages suggested but not available for checking: 'patchwork', 'readr', 'testthat' See section ‘The DESCRIPTION file’ in the ‘Writing R Extensions’ manual. Flavor: r-devel-linux-x86_64-debian-gcc