CRAN Package Check Results for Package aire.zmvm

Last updated on 2021-06-22 23:50:24 CEST.

Flavor Version Tinstall Tcheck Ttotal Status Flags
r-devel-linux-x86_64-debian-clang 0.8.2 8.35 75.22 83.57 OK
r-devel-linux-x86_64-debian-gcc 0.8.2 7.32 55.58 62.90 OK
r-devel-linux-x86_64-fedora-clang 0.8.2 106.71 NOTE
r-devel-linux-x86_64-fedora-gcc 0.8.2 95.31 NOTE
r-devel-windows-x86_64 0.8.2 14.00 92.00 106.00 OK
r-devel-windows-x86_64-gcc10-UCRT 0.8.2 ERROR
r-patched-linux-x86_64 0.8.2 9.27 69.91 79.18 OK
r-patched-solaris-x86 0.8.2 136.70 NOTE
r-release-linux-x86_64 0.8.2 8.17 69.42 77.59 OK
r-release-macos-arm64 0.8.2 NOTE
r-release-macos-x86_64 0.8.2 NOTE
r-release-windows-ix86+x86_64 0.8.2 15.00 69.00 84.00 OK
r-oldrel-macos-x86_64 0.8.2 NOTE

Check Details

Version: 0.8.2
Check: data for non-ASCII characters
Result: NOTE
     Note: found 53 marked UTF-8 strings
Flavors: r-devel-linux-x86_64-fedora-clang, r-devel-linux-x86_64-fedora-gcc, r-patched-solaris-x86, r-release-macos-arm64, r-release-macos-x86_64, r-oldrel-macos-x86_64

Version: 0.8.2
Check: package dependencies
Result: ERROR
    Packages required but not available: 'rvest', 'httr'
    
    Packages suggested but not available for checking: 'covr', 'ggmap'
    
    See section 'The DESCRIPTION file' in the 'Writing R Extensions'
    manual.
Flavor: r-devel-windows-x86_64-gcc10-UCRT

Version: 0.8.2
Check: package dependencies
Result: NOTE
    Package suggested but not available for checking: ‘ggseas’
Flavor: r-patched-solaris-x86