CRAN Package Check Results for Package ahpsurvey

Last updated on 2024-06-22 00:57:53 CEST.

Flavor Version Tinstall Tcheck Ttotal Status Flags
r-devel-linux-x86_64-debian-clang 0.4.1 4.70 65.59 70.29 OK
r-devel-linux-x86_64-debian-gcc 0.4.1 4.93 46.86 51.79 OK
r-devel-linux-x86_64-fedora-clang 0.4.1 90.20 NOTE
r-devel-linux-x86_64-fedora-gcc 0.4.1 154.35 NOTE
r-devel-windows-x86_64 0.4.1 7.00 65.00 72.00 OK
r-patched-linux-x86_64 0.4.1 6.11 60.71 66.82 OK
r-release-linux-x86_64 0.4.1 3.94 62.10 66.04 OK
r-release-macos-arm64 0.4.1 45.00 OK
r-release-macos-x86_64 0.4.1 73.00 OK
r-release-windows-x86_64 0.4.1 6.00 66.00 72.00 OK
r-oldrel-macos-arm64 0.4.1 48.00 OK
r-oldrel-macos-x86_64 0.4.1 87.00 OK
r-oldrel-windows-x86_64 0.4.1 8.00 75.00 83.00 OK

Check Details

Version: 0.4.1
Check: dependencies in R code
Result: NOTE Namespaces in Imports field not imported from: ‘knitr’ ‘randomNames’ ‘tidyr’ All declared Imports should be used. Flavors: r-devel-linux-x86_64-fedora-clang, r-devel-linux-x86_64-fedora-gcc