CRAN Package Check Results for Package agriwater

Last updated on 2021-09-15 23:49:36 CEST.

Flavor Version Tinstall Tcheck Ttotal Status Flags
r-devel-linux-x86_64-debian-clang 1.0.1 17.90 108.41 126.31 NOTE
r-devel-linux-x86_64-debian-gcc 1.0.1 14.09 80.85 94.94 NOTE
r-devel-linux-x86_64-fedora-clang 1.0.1 162.05 NOTE
r-devel-linux-x86_64-fedora-gcc 1.0.1 148.82 NOTE
r-devel-windows-x86_64 1.0.1 18.00 113.00 131.00 NOTE
r-devel-windows-x86_64-gcc10-UCRT 1.0.1 NOTE
r-patched-linux-x86_64 1.0.1 16.29 104.42 120.71 NOTE
r-patched-solaris-x86 1.0.1 193.70 NOTE
r-release-linux-x86_64 1.0.1 15.54 103.23 118.77 NOTE
r-release-macos-arm64 1.0.1 NOTE
r-release-macos-x86_64 1.0.1 NOTE
r-release-windows-ix86+x86_64 1.0.1 33.00 118.00 151.00 NOTE
r-oldrel-macos-x86_64 1.0.1 OK
r-oldrel-windows-ix86+x86_64 1.0.1 24.00 114.00 138.00 OK

Check Details

Version: 1.0.1
Check: LazyData
Result: NOTE
     'LazyData' is specified without a 'data' directory
Flavors: r-devel-linux-x86_64-debian-clang, r-devel-linux-x86_64-debian-gcc, r-devel-linux-x86_64-fedora-clang, r-devel-linux-x86_64-fedora-gcc, r-devel-windows-x86_64, r-devel-windows-x86_64-gcc10-UCRT, r-patched-linux-x86_64, r-patched-solaris-x86, r-release-linux-x86_64, r-release-macos-arm64, r-release-macos-x86_64, r-release-windows-ix86+x86_64