Last updated on 2023-02-06 23:55:35 CET.
Flavor | Version | Tinstall | Tcheck | Ttotal | Status | Flags |
---|---|---|---|---|---|---|
r-devel-linux-x86_64-debian-clang | 4.2.1.1 | 110.10 | 100.72 | 210.82 | OK | |
r-devel-linux-x86_64-debian-gcc | 4.2.1.1 | 67.54 | 75.24 | 142.78 | OK | |
r-devel-linux-x86_64-fedora-clang | 4.2.1.1 | 267.28 | OK | |||
r-devel-linux-x86_64-fedora-gcc | 4.2.1.1 | 221.49 | OK | |||
r-devel-windows-x86_64 | 4.2.1.1 | 58.00 | 145.00 | 203.00 | NOTE | |
r-patched-linux-x86_64 | 4.2.1.1 | 48.70 | 97.68 | 146.38 | OK | |
r-release-linux-x86_64 | 4.2.1.1 | 53.59 | 95.93 | 149.52 | OK | |
r-release-macos-arm64 | 4.2.1.1 | 63.00 | NOTE | |||
r-release-macos-x86_64 | 4.2.1.1 | 85.00 | NOTE | |||
r-release-windows-x86_64 | 4.2.1.1 | 54.00 | 152.00 | 206.00 | OK | |
r-oldrel-macos-arm64 | 4.2.1.1 | 64.00 | NOTE | |||
r-oldrel-macos-x86_64 | 4.2.1.1 | 88.00 | NOTE | |||
r-oldrel-windows-ix86+x86_64 | 4.2.1.1 | 157.00 | 173.00 | 330.00 | OK |
Version: 4.2.1.1
Check: C++ specification
Result: NOTE
Specified C++11: please update to current default of C++17
Flavor: r-devel-windows-x86_64
Version: 4.2.1.1
Check: installed package size
Result: NOTE
installed size is 8.1Mb
sub-directories of 1Mb or more:
libs 8.0Mb
Flavors: r-release-macos-arm64, r-release-macos-x86_64, r-oldrel-macos-arm64, r-oldrel-macos-x86_64