CRAN Package Check Results for Package adsDataHubR

Last updated on 2022-01-23 23:50:09 CET.

Flavor Version Tinstall Tcheck Ttotal Status Flags
r-devel-linux-x86_64-debian-clang 0.1.1 3.27 37.59 40.86 NOTE
r-devel-linux-x86_64-debian-gcc 0.1.1 2.36 32.28 34.64 NOTE
r-devel-linux-x86_64-fedora-clang 0.1.1 50.39 NOTE
r-devel-linux-x86_64-fedora-gcc 0.1.1 38.77 NOTE
r-devel-windows-x86_64-new-UL 0.1.1 34.00 57.00 91.00 NOTE
r-devel-windows-x86_64-new-TK 0.1.1 NOTE
r-patched-linux-x86_64 0.1.1 3.21 36.04 39.25 NOTE
r-release-linux-x86_64 0.1.1 2.90 35.60 38.50 NOTE
r-release-macos-arm64 0.1.1 NOTE
r-release-macos-x86_64 0.1.1 NOTE
r-release-windows-ix86+x86_64 0.1.1 6.00 45.00 51.00 NOTE
r-oldrel-macos-x86_64 0.1.1 OK
r-oldrel-windows-ix86+x86_64 0.1.1 7.00 45.00 52.00 OK

Check Details

Version: 0.1.1
Check: LazyData
Result: NOTE
     'LazyData' is specified without a 'data' directory
Flavors: r-devel-linux-x86_64-debian-clang, r-devel-linux-x86_64-debian-gcc, r-devel-linux-x86_64-fedora-clang, r-devel-linux-x86_64-fedora-gcc, r-devel-windows-x86_64-new-UL, r-devel-windows-x86_64-new-TK, r-patched-linux-x86_64, r-release-linux-x86_64, r-release-macos-arm64, r-release-macos-x86_64, r-release-windows-ix86+x86_64