CRAN Package Check Results for Package adjustedcranlogs

Last updated on 2024-07-15 00:49:38 CEST.

Flavor Version Tinstall Tcheck Ttotal Status Flags
r-devel-linux-x86_64-debian-clang 0.1.0 4.49 46.68 51.17 NOTE
r-devel-linux-x86_64-debian-gcc 0.1.0 4.00 35.77 39.77 NOTE
r-devel-linux-x86_64-fedora-clang 0.1.0 66.69 NOTE
r-devel-linux-x86_64-fedora-gcc 0.1.0 60.76 NOTE
r-devel-windows-x86_64 0.1.0 6.00 56.00 62.00 NOTE
r-patched-linux-x86_64 0.1.0 5.51 45.30 50.81 NOTE
r-release-linux-x86_64 0.1.0 4.83 44.26 49.09 NOTE
r-release-macos-arm64 0.1.0 24.00 NOTE
r-release-macos-x86_64 0.1.0 37.00 NOTE
r-release-windows-x86_64 0.1.0 6.00 54.00 60.00 NOTE
r-oldrel-macos-arm64 0.1.0 25.00 NOTE
r-oldrel-macos-x86_64 0.1.0 31.00 NOTE
r-oldrel-windows-x86_64 0.1.0 9.00 61.00 70.00 NOTE

Check Details

Version: 0.1.0
Check: LazyData
Result: NOTE 'LazyData' is specified without a 'data' directory Flavors: r-devel-linux-x86_64-debian-clang, r-devel-linux-x86_64-debian-gcc, r-devel-linux-x86_64-fedora-clang, r-devel-linux-x86_64-fedora-gcc, r-devel-windows-x86_64, r-patched-linux-x86_64, r-release-linux-x86_64, r-release-macos-arm64, r-release-macos-x86_64, r-release-windows-x86_64, r-oldrel-macos-arm64, r-oldrel-macos-x86_64, r-oldrel-windows-x86_64