CRAN Package Check Results for Package adepro

Last updated on 2024-06-14 00:53:34 CEST.

Flavor Version Tinstall Tcheck Ttotal Status Flags
r-devel-linux-x86_64-debian-clang 4.1.0 9.65 73.18 82.83 OK
r-devel-linux-x86_64-debian-gcc 4.1.0 0.37 1.71 2.08 ERROR
r-devel-linux-x86_64-fedora-clang 4.1.0 106.80 OK
r-devel-linux-x86_64-fedora-gcc 4.1.0 111.38 OK
r-devel-windows-x86_64 4.1.0 9.00 74.00 83.00 OK
r-patched-linux-x86_64 4.1.0 8.41 70.49 78.90 OK
r-release-linux-x86_64 4.1.0 6.81 70.30 77.11 OK
r-release-macos-arm64 4.1.0 47.00 OK
r-release-macos-x86_64 4.1.0 59.00 OK
r-release-windows-x86_64 4.1.0 11.00 73.00 84.00 OK
r-oldrel-macos-arm64 4.1.0 51.00 OK
r-oldrel-macos-x86_64 4.1.0 92.00 OK
r-oldrel-windows-x86_64 4.1.0 12.00 87.00 99.00 OK

Check Details

Version: 4.1.0
Check: package dependencies
Result: ERROR Packages required but not available: 'forcats', 'dplyr', 'readr', 'tidyr', 'haven' Package suggested but not available for checking: ‘testthat’ See section ‘The DESCRIPTION file’ in the ‘Writing R Extensions’ manual. Flavor: r-devel-linux-x86_64-debian-gcc