CRAN Package Check Results for Package addinsOutline

Last updated on 2024-06-22 00:57:53 CEST.

Flavor Version Tinstall Tcheck Ttotal Status Flags
r-devel-linux-x86_64-debian-clang 0.1.6 9.51 66.78 76.29 NOTE
r-devel-linux-x86_64-debian-gcc 0.1.6 6.41 49.91 56.32 NOTE
r-devel-linux-x86_64-fedora-clang 0.1.6 95.65 NOTE
r-devel-linux-x86_64-fedora-gcc 0.1.6 102.92 NOTE
r-devel-windows-x86_64 0.1.6 10.00 66.00 76.00 NOTE
r-patched-linux-x86_64 0.1.6 7.07 63.75 70.82 NOTE
r-release-linux-x86_64 0.1.6 6.13 63.79 69.92 NOTE
r-release-macos-arm64 0.1.6 34.00 NOTE
r-release-macos-x86_64 0.1.6 53.00 NOTE
r-release-windows-x86_64 0.1.6 11.00 67.00 78.00 NOTE
r-oldrel-macos-arm64 0.1.6 38.00 NOTE
r-oldrel-macos-x86_64 0.1.6 53.00 NOTE
r-oldrel-windows-x86_64 0.1.6 10.00 76.00 86.00 NOTE

Check Details

Version: 0.1.6
Check: LazyData
Result: NOTE 'LazyData' is specified without a 'data' directory Flavors: r-devel-linux-x86_64-debian-clang, r-devel-linux-x86_64-debian-gcc, r-devel-linux-x86_64-fedora-clang, r-devel-linux-x86_64-fedora-gcc, r-devel-windows-x86_64, r-patched-linux-x86_64, r-release-linux-x86_64, r-release-macos-arm64, r-release-macos-x86_64, r-release-windows-x86_64, r-oldrel-macos-arm64, r-oldrel-macos-x86_64, r-oldrel-windows-x86_64