CRAN Package Check Results for Package activityCounts

Last updated on 2021-10-18 23:49:23 CEST.

Flavor Version Tinstall Tcheck Ttotal Status Flags
r-devel-linux-x86_64-debian-clang 0.1.2 7.63 56.39 64.02 OK
r-devel-linux-x86_64-debian-gcc 0.1.2 5.27 43.18 48.45 OK
r-devel-linux-x86_64-fedora-clang 0.1.2 85.51 OK
r-devel-linux-x86_64-fedora-gcc 0.1.2 73.67 OK
r-devel-windows-x86_64 0.1.2 12.00 78.00 90.00 OK
r-devel-windows-x86_64-gcc10-UCRT 0.1.2 OK
r-patched-linux-x86_64 0.1.2 6.92 54.05 60.97 OK
r-patched-solaris-x86 0.1.2 117.80 OK
r-release-linux-x86_64 0.1.2 7.07 53.41 60.48 OK
r-release-macos-arm64 0.1.2 OK
r-release-macos-x86_64 0.1.2 OK
r-release-windows-ix86+x86_64 0.1.2 11.00 84.00 95.00 OK
r-oldrel-macos-x86_64 0.1.2 NOTE
r-oldrel-windows-ix86+x86_64 0.1.2 16.00 84.00 100.00 OK

Check Details

Version: 0.1.2
Check: package dependencies
Result: NOTE
    Package suggested but not available for checking: ‘rmarkdown’
Flavor: r-oldrel-macos-x86_64