Last updated on 2022-05-26 23:52:50 CEST.
Flavor | Version | Tinstall | Tcheck | Ttotal | Status | Flags |
---|---|---|---|---|---|---|
r-devel-linux-x86_64-debian-clang | 1.0 | 170.79 | 108.44 | 279.23 | OK | |
r-devel-linux-x86_64-debian-gcc | 1.0 | 142.43 | 99.49 | 241.92 | OK | |
r-devel-linux-x86_64-fedora-clang | 1.0 | 383.40 | NOTE | |||
r-devel-linux-x86_64-fedora-gcc | 1.0 | 369.11 | OK | |||
r-devel-windows-x86_64 | 1.0 | 138.00 | 110.00 | 248.00 | NOTE | |
r-patched-linux-x86_64 | 1.0 | 162.62 | 107.09 | 269.71 | OK | |
r-release-linux-x86_64 | 1.0 | 164.44 | 106.04 | 270.48 | OK | |
r-release-macos-arm64 | 1.0 | 150.00 | NOTE | |||
r-release-macos-x86_64 | 1.0 | 170.00 | NOTE | |||
r-release-windows-x86_64 | 1.0 | 188.00 | 110.00 | 298.00 | NOTE | |
r-oldrel-macos-arm64 | 1.0 | 175.00 | NOTE | |||
r-oldrel-macos-x86_64 | 1.0 | 285.00 | NOTE | |||
r-oldrel-windows-ix86+x86_64 | 1.0 | 250.00 | 104.00 | 354.00 | NOTE |
Version: 1.0
Check: installed package size
Result: NOTE
installed size is 14.0Mb
sub-directories of 1Mb or more:
R 13.9Mb
Flavors: r-devel-linux-x86_64-fedora-clang, r-devel-windows-x86_64, r-release-macos-arm64, r-release-macos-x86_64, r-release-windows-x86_64, r-oldrel-macos-arm64, r-oldrel-macos-x86_64, r-oldrel-windows-ix86+x86_64