CRAN Package Check Results for Package ace2fastq

Last updated on 2022-01-25 23:50:17 CET.

Flavor Version Tinstall Tcheck Ttotal Status Flags
r-devel-linux-x86_64-debian-clang 0.6.0 2.16 34.05 36.21 NOTE
r-devel-linux-x86_64-debian-gcc 0.6.0 1.68 28.24 29.92 NOTE
r-devel-linux-x86_64-fedora-clang 0.6.0 45.09 NOTE
r-devel-linux-x86_64-fedora-gcc 0.6.0 35.36 NOTE
r-devel-windows-x86_64-new-UL 0.6.0 26.00 54.00 80.00 NOTE
r-devel-windows-x86_64-new-TK 0.6.0 NOTE
r-patched-linux-x86_64 0.6.0 1.85 31.90 33.75 NOTE
r-release-linux-x86_64 0.6.0 1.64 31.75 33.39 NOTE
r-release-macos-arm64 0.6.0 NOTE
r-release-macos-x86_64 0.6.0 NOTE
r-release-windows-ix86+x86_64 0.6.0 6.00 41.00 47.00 NOTE
r-oldrel-macos-x86_64 0.6.0 OK
r-oldrel-windows-ix86+x86_64 0.6.0 6.00 42.00 48.00 OK

Check Details

Version: 0.6.0
Check: LazyData
Result: NOTE
     'LazyData' is specified without a 'data' directory
Flavors: r-devel-linux-x86_64-debian-clang, r-devel-linux-x86_64-debian-gcc, r-devel-linux-x86_64-fedora-clang, r-devel-linux-x86_64-fedora-gcc, r-devel-windows-x86_64-new-UL, r-devel-windows-x86_64-new-TK, r-patched-linux-x86_64, r-release-linux-x86_64, r-release-macos-arm64, r-release-macos-x86_64, r-release-windows-ix86+x86_64