CRAN Package Check Results for Package abstractr

Last updated on 2021-08-03 23:51:57 CEST.

Flavor Version Tinstall Tcheck Ttotal Status Flags
r-devel-linux-x86_64-debian-clang 0.1.0 6.08 63.02 69.10 NOTE
r-devel-linux-x86_64-debian-gcc 0.1.0 4.52 47.18 51.70 NOTE
r-devel-linux-x86_64-fedora-clang 0.1.0 94.32 NOTE
r-devel-linux-x86_64-fedora-gcc 0.1.0 78.89 NOTE
r-devel-windows-x86_64 0.1.0 10.00 88.00 98.00 NOTE
r-devel-windows-x86_64-gcc10-UCRT 0.1.0 NOTE
r-patched-linux-x86_64 0.1.0 5.17 58.01 63.18 NOTE
r-patched-solaris-x86 0.1.0 109.50 NOTE
r-release-linux-x86_64 0.1.0 6.21 58.20 64.41 NOTE
r-release-macos-arm64 0.1.0 ERROR
r-release-macos-x86_64 0.1.0 NOTE
r-release-windows-ix86+x86_64 0.1.0 16.00 83.00 99.00 NOTE
r-oldrel-macos-x86_64 0.1.0 OK
r-oldrel-windows-ix86+x86_64 0.1.0 17.00 85.00 102.00 OK

Check Details

Version: 0.1.0
Check: LazyData
Result: NOTE
     'LazyData' is specified without a 'data' directory
Flavors: r-devel-linux-x86_64-debian-clang, r-devel-linux-x86_64-debian-gcc, r-devel-linux-x86_64-fedora-clang, r-devel-linux-x86_64-fedora-gcc, r-devel-windows-x86_64, r-devel-windows-x86_64-gcc10-UCRT, r-patched-linux-x86_64, r-patched-solaris-x86, r-release-linux-x86_64, r-release-macos-x86_64, r-release-windows-ix86+x86_64

Version: 0.1.0
Check: package dependencies
Result: ERROR
    Package required but not available: ‘emojifont’
    
    See section ‘The DESCRIPTION file’ in the ‘Writing R Extensions’
    manual.
Flavor: r-release-macos-arm64