CRAN Package Check Results for Package abseil

Last updated on 2024-06-24 00:50:02 CEST.

Flavor Version Tinstall Tcheck Ttotal Status Flags
r-devel-linux-x86_64-debian-clang 2023.8.2.1 6.80 24.50 31.30 OK
r-devel-linux-x86_64-debian-gcc 2023.8.2.1 2.91 18.93 21.84 OK
r-devel-linux-x86_64-fedora-clang 2023.8.2.1 34.50 NOTE
r-devel-linux-x86_64-fedora-gcc 2023.8.2.1 32.12 OK
r-devel-windows-x86_64 2023.8.2.1 11.00 45.00 56.00 NOTE
r-patched-linux-x86_64 2023.8.2.1 6.39 23.23 29.62 OK
r-release-linux-x86_64 2023.8.2.1 6.41 23.51 29.92 OK
r-release-macos-arm64 2023.8.2.1 19.00 NOTE
r-release-macos-x86_64 2023.8.2.1 51.00 NOTE
r-release-windows-x86_64 2023.8.2.1 11.00 45.00 56.00 NOTE
r-oldrel-macos-arm64 2023.8.2.1 32.00 NOTE
r-oldrel-macos-x86_64 2023.8.2.1 119.00 NOTE
r-oldrel-windows-x86_64 2023.8.2.1 10.00 46.00 56.00 NOTE

Check Details

Version: 2023.8.2.1
Check: installed package size
Result: NOTE installed size is 13.7Mb sub-directories of 1Mb or more: include 13.6Mb Flavors: r-devel-linux-x86_64-fedora-clang, r-devel-windows-x86_64, r-release-macos-arm64, r-release-macos-x86_64, r-release-windows-x86_64, r-oldrel-macos-arm64, r-oldrel-macos-x86_64, r-oldrel-windows-x86_64