Last updated on 2023-01-30 00:31:04 CET.
Flavor | Version | Tinstall | Tcheck | Ttotal | Status | Flags |
---|---|---|---|---|---|---|
r-devel-linux-x86_64-debian-clang | 2.7-1 | 200.67 | 188.46 | 389.13 | NOTE | |
r-devel-linux-x86_64-debian-gcc | 2.7-3 | 158.83 | 140.52 | 299.35 | NOTE | |
r-devel-linux-x86_64-fedora-clang | 2.7-3 | 749.97 | OK | |||
r-devel-linux-x86_64-fedora-gcc | 2.7-3 | 698.26 | OK | |||
r-devel-windows-x86_64 | 2.7-3 | 469.00 | 278.00 | 747.00 | NOTE | |
r-patched-linux-x86_64 | 2.7-3 | 142.73 | 179.80 | 322.53 | NOTE | |
r-release-linux-x86_64 | 2.7-3 | 162.62 | 180.41 | 343.03 | NOTE | |
r-release-macos-arm64 | 2.7-3 | 99.00 | NOTE | |||
r-release-macos-x86_64 | 2.7-3 | 160.00 | NOTE | |||
r-release-windows-x86_64 | 2.7-3 | 361.00 | 259.00 | 620.00 | NOTE | |
r-oldrel-macos-arm64 | 2.7-3 | 106.00 | NOTE | |||
r-oldrel-macos-x86_64 | 2.7-3 | 159.00 | NOTE | |||
r-oldrel-windows-ix86+x86_64 | 2.7-3 | 355.00 | 366.00 | 721.00 | NOTE |
Version: 2.7-1
Check: package dependencies
Result: NOTE
Package suggested but not available for checking: ‘INLA’
Flavor: r-devel-linux-x86_64-debian-clang
Version: 2.7-3
Check: package dependencies
Result: NOTE
Package suggested but not available for checking: ‘INLA’
Flavors: r-devel-linux-x86_64-debian-gcc, r-devel-windows-x86_64, r-patched-linux-x86_64, r-release-linux-x86_64, r-release-macos-arm64, r-release-macos-x86_64, r-release-windows-x86_64, r-oldrel-macos-arm64, r-oldrel-macos-x86_64
Version: 2.7-3
Check: installed package size
Result: NOTE
installed size is 11.5Mb
sub-directories of 1Mb or more:
libs 8.5Mb
Flavors: r-release-macos-arm64, r-release-macos-x86_64, r-oldrel-macos-arm64, r-oldrel-macos-x86_64, r-oldrel-windows-ix86+x86_64