Last updated on 2025-01-15 00:49:11 CET.
Flavor | Version | Tinstall | Tcheck | Ttotal | Status | Flags |
---|---|---|---|---|---|---|
r-devel-linux-x86_64-debian-clang | 1.1.7 | 12.28 | 105.29 | 117.57 | NOTE | |
r-devel-linux-x86_64-debian-gcc | 1.1.7 | 8.64 | 74.38 | 83.02 | NOTE | |
r-devel-linux-x86_64-fedora-clang | 1.1.7 | 192.75 | OK | |||
r-devel-linux-x86_64-fedora-gcc | 1.1.7 | 193.21 | OK | |||
r-devel-windows-x86_64 | 1.1.7 | 18.00 | 115.00 | 133.00 | NOTE | |
r-patched-linux-x86_64 | 1.1.7 | 19.07 | 96.44 | 115.51 | OK | |
r-release-linux-x86_64 | 1.1.7 | 12.43 | 94.33 | 106.76 | OK | |
r-release-macos-arm64 | 1.1.7 | 55.00 | OK | |||
r-release-macos-x86_64 | 1.1.7 | 84.00 | OK | |||
r-release-windows-x86_64 | 1.1.7 | 18.00 | 116.00 | 134.00 | OK | |
r-oldrel-macos-arm64 | 1.1.7 | 60.00 | OK | |||
r-oldrel-macos-x86_64 | 1.1.7 | 147.00 | OK | |||
r-oldrel-windows-x86_64 | 1.1.7 | 21.00 | 145.00 | 166.00 | OK |
Version: 1.1.7
Check: Rd cross-references
Result: NOTE
Found the following Rd file(s) with Rd \link{} targets missing package
anchors:
abctools-package.Rd: abc
cov.pi.Rd: abc, postpr
Please provide package anchors for all Rd \link{} targets not in the
package itself and the base packages.
Flavors: r-devel-linux-x86_64-debian-clang, r-devel-linux-x86_64-debian-gcc, r-devel-windows-x86_64