CRAN Package Check Results for Package abcrf

Last updated on 2021-10-19 23:52:47 CEST.

Flavor Version Tinstall Tcheck Ttotal Status Flags
r-devel-linux-x86_64-debian-clang 1.8.1 71.27 89.99 161.26 OK
r-devel-linux-x86_64-debian-gcc 1.8.1 54.92 65.67 120.59 OK
r-devel-linux-x86_64-fedora-clang 1.8.1 241.10 NOTE
r-devel-linux-x86_64-fedora-gcc 1.8.1 212.30 OK
r-devel-windows-x86_64 1.8.1 108.00 119.00 227.00 OK
r-devel-windows-x86_64-gcc10-UCRT 1.8.1 OK
r-patched-linux-x86_64 1.8.1 73.58 82.90 156.48 OK
r-patched-solaris-x86 1.8.1 250.70 OK
r-release-linux-x86_64 1.8.1 67.46 82.61 150.07 OK
r-release-macos-arm64 1.8.1 NOTE
r-release-macos-x86_64 1.8.1 NOTE
r-release-windows-ix86+x86_64 1.8.1 172.00 175.00 347.00 NOTE
r-oldrel-macos-x86_64 1.8.1 NOTE
r-oldrel-windows-ix86+x86_64 1.8.1 191.00 177.00 368.00 NOTE

Check Details

Version: 1.8.1
Check: installed package size
Result: NOTE
     installed size is 5.1Mb
     sub-directories of 1Mb or more:
     data 2.6Mb
     libs 2.3Mb
Flavors: r-devel-linux-x86_64-fedora-clang, r-release-macos-arm64, r-release-macos-x86_64, r-release-windows-ix86+x86_64, r-oldrel-macos-x86_64, r-oldrel-windows-ix86+x86_64