Last updated on 2023-01-26 23:55:43 CET.
Flavor | Version | Tinstall | Tcheck | Ttotal | Status | Flags |
---|---|---|---|---|---|---|
r-devel-linux-x86_64-debian-clang | 0.4.0 | 566.37 | 45.29 | 611.66 | OK | |
r-devel-linux-x86_64-debian-gcc | 0.4.0 | 476.98 | 32.75 | 509.73 | OK | |
r-devel-linux-x86_64-fedora-clang | 0.4.0 | 961.71 | OK | |||
r-devel-linux-x86_64-fedora-gcc | 0.4.0 | 854.28 | NOTE | |||
r-devel-windows-x86_64 | 0.4.0 | 408.00 | 112.00 | 520.00 | OK | |
r-patched-linux-x86_64 | 0.4.0 | 490.17 | 42.09 | 532.26 | OK | |
r-release-linux-x86_64 | 0.4.0 | 492.81 | 42.32 | 535.13 | OK | |
r-release-macos-arm64 | 0.4.0 | 225.00 | NOTE | |||
r-release-macos-x86_64 | 0.4.0 | 247.00 | NOTE | |||
r-release-windows-x86_64 | 0.4.0 | 411.00 | 112.00 | 523.00 | OK | |
r-oldrel-macos-arm64 | 0.4.0 | 208.00 | NOTE | |||
r-oldrel-macos-x86_64 | 0.4.0 | 252.00 | NOTE | |||
r-oldrel-windows-ix86+x86_64 | 0.4.0 | 1253.00 | 112.00 | 1365.00 | NOTE |
Version: 0.4.0
Check: C++ specification
Result: NOTE
Specified C++11: please update to current default of C++17
Flavor: r-devel-linux-x86_64-fedora-gcc
Version: 0.4.0
Check: installed package size
Result: NOTE
installed size is 30.4Mb
sub-directories of 1Mb or more:
libs 29.9Mb
Flavors: r-release-macos-arm64, r-release-macos-x86_64, r-oldrel-macos-arm64, r-oldrel-macos-x86_64, r-oldrel-windows-ix86+x86_64