CRAN Package Check Results for Package YRmisc

Last updated on 2021-08-03 23:52:34 CEST.

Flavor Version Tinstall Tcheck Ttotal Status Flags
r-devel-linux-x86_64-debian-clang 0.1.6 5.68 70.27 75.95 NOTE
r-devel-linux-x86_64-debian-gcc 0.1.6 5.05 51.78 56.83 NOTE
r-devel-linux-x86_64-fedora-clang 0.1.6 98.00 NOTE
r-devel-linux-x86_64-fedora-gcc 0.1.6 85.32 NOTE
r-devel-windows-x86_64 0.1.6 8.00 104.00 112.00 NOTE
r-devel-windows-x86_64-gcc10-UCRT 0.1.6 NOTE
r-patched-linux-x86_64 0.1.6 5.78 64.95 70.73 NOTE
r-patched-solaris-x86 0.1.6 116.40 NOTE
r-release-linux-x86_64 0.1.6 5.53 65.83 71.36 NOTE
r-release-macos-arm64 0.1.6 NOTE
r-release-macos-x86_64 0.1.6 NOTE
r-release-windows-ix86+x86_64 0.1.6 14.00 83.00 97.00 NOTE
r-oldrel-macos-x86_64 0.1.6 OK
r-oldrel-windows-ix86+x86_64 0.1.6 11.00 107.00 118.00 OK

Check Details

Version: 0.1.6
Check: LazyData
Result: NOTE
     'LazyData' is specified without a 'data' directory
Flavors: r-devel-linux-x86_64-debian-clang, r-devel-linux-x86_64-debian-gcc, r-devel-linux-x86_64-fedora-clang, r-devel-linux-x86_64-fedora-gcc, r-devel-windows-x86_64, r-devel-windows-x86_64-gcc10-UCRT, r-patched-linux-x86_64, r-patched-solaris-x86, r-release-linux-x86_64, r-release-macos-arm64, r-release-macos-x86_64, r-release-windows-ix86+x86_64