Last updated on 2023-01-26 23:56:07 CET.
Flavor | Version | Tinstall | Tcheck | Ttotal | Status | Flags |
---|---|---|---|---|---|---|
r-devel-linux-x86_64-debian-clang | 1.0.1 | 224.23 | 192.05 | 416.28 | NOTE | |
r-devel-linux-x86_64-debian-gcc | 1.0.1 | 219.07 | 148.37 | 367.44 | NOTE | |
r-devel-linux-x86_64-fedora-clang | 1.0.1 | 560.65 | NOTE | |||
r-devel-linux-x86_64-fedora-gcc | 1.0.1 | 605.55 | NOTE | |||
r-devel-windows-x86_64 | 1.0.1 | 210.00 | 245.00 | 455.00 | NOTE | |
r-patched-linux-x86_64 | 1.0.1 | 223.41 | 195.79 | 419.20 | NOTE | |
r-release-linux-x86_64 | 1.0.1 | 183.23 | 200.58 | 383.81 | NOTE | |
r-release-macos-arm64 | 1.0.1 | 131.00 | NOTE | |||
r-release-macos-x86_64 | 1.0.1 | 243.00 | NOTE | |||
r-release-windows-x86_64 | 1.0.1 | 173.00 | 243.00 | 416.00 | NOTE | |
r-oldrel-macos-arm64 | 1.0.1 | 163.00 | NOTE | |||
r-oldrel-macos-x86_64 | 1.0.1 | 295.00 | NOTE | |||
r-oldrel-windows-ix86+x86_64 | 1.0.1 | 195.00 | 17.00 | 212.00 | ERROR |
Version: 1.0.1
Check: for GNU extensions in Makefiles
Result: NOTE
GNU make is a SystemRequirements.
Flavors: r-devel-linux-x86_64-debian-clang, r-devel-linux-x86_64-debian-gcc, r-devel-linux-x86_64-fedora-clang, r-devel-linux-x86_64-fedora-gcc, r-devel-windows-x86_64, r-patched-linux-x86_64, r-release-linux-x86_64, r-release-macos-arm64, r-release-macos-x86_64, r-release-windows-x86_64, r-oldrel-macos-arm64, r-oldrel-macos-x86_64
Version: 1.0.1
Check: dependencies in R code
Result: NOTE
Namespace in Imports field not imported from: ‘rstantools’
All declared Imports should be used.
Flavors: r-devel-linux-x86_64-fedora-clang, r-devel-linux-x86_64-fedora-gcc, r-release-macos-arm64, r-release-macos-x86_64, r-oldrel-macos-arm64, r-oldrel-macos-x86_64
Version: 1.0.1
Check: C++ specification
Result: NOTE
Specified C++14: please update to current default of C++17
Flavor: r-devel-linux-x86_64-fedora-gcc
Version: 1.0.1
Check: installed package size
Result: NOTE
installed size is 42.1Mb
sub-directories of 1Mb or more:
libs 41.8Mb
Flavors: r-release-macos-arm64, r-release-macos-x86_64, r-oldrel-macos-arm64, r-oldrel-macos-x86_64
Version: 1.0.1
Check: whether package can be installed
Result: ERROR
Installation failed.
Flavor: r-oldrel-windows-ix86+x86_64