CRAN Package Check Results for Package YPPE

Last updated on 2024-03-04 00:55:59 CET.

Flavor Version Tinstall Tcheck Ttotal Status Flags
r-devel-linux-x86_64-debian-clang 1.0.1 274.50 229.42 503.92 NOTE
r-devel-linux-x86_64-debian-gcc 1.0.1 278.86 184.12 462.98 NOTE
r-devel-linux-x86_64-fedora-clang 1.0.1 630.88 NOTE
r-devel-linux-x86_64-fedora-gcc 1.0.1 754.36 NOTE
r-devel-windows-x86_64 1.0.1 247.00 196.00 443.00 NOTE
r-patched-linux-x86_64 1.0.1 224.43 246.12 470.55 NOTE
r-release-linux-x86_64 1.0.1 253.91 251.14 505.05 NOTE
r-release-macos-arm64 1.0.1 166.00 NOTE
r-release-macos-x86_64 1.0.1 262.00 NOTE
r-release-windows-x86_64 1.0.1 321.00 256.00 577.00 NOTE
r-oldrel-macos-arm64 1.0.1 131.00 NOTE
r-oldrel-windows-x86_64 1.0.1 296.00 238.00 534.00 NOTE

Check Details

Version: 1.0.1
Check: for GNU extensions in Makefiles
Result: NOTE GNU make is a SystemRequirements. Flavors: r-devel-linux-x86_64-debian-clang, r-devel-linux-x86_64-debian-gcc, r-devel-linux-x86_64-fedora-clang, r-devel-linux-x86_64-fedora-gcc, r-devel-windows-x86_64, r-patched-linux-x86_64, r-release-linux-x86_64, r-release-macos-arm64, r-release-macos-x86_64, r-release-windows-x86_64, r-oldrel-macos-arm64, r-oldrel-windows-x86_64

Version: 1.0.1
Check: dependencies in R code
Result: NOTE Namespace in Imports field not imported from: ‘rstantools’ All declared Imports should be used. Flavors: r-devel-linux-x86_64-fedora-clang, r-devel-linux-x86_64-fedora-gcc, r-oldrel-macos-arm64

Version: 1.0.1
Check: installed package size
Result: NOTE installed size is 43.1Mb sub-directories of 1Mb or more: libs 42.8Mb Flavors: r-release-macos-arm64, r-release-macos-x86_64, r-oldrel-macos-arm64