Last updated on 2022-05-23 23:50:19 CEST.
Flavor | Version | Tinstall | Tcheck | Ttotal | Status | Flags |
---|---|---|---|---|---|---|
r-devel-linux-x86_64-debian-clang | 1.0.5 | 12.75 | 174.42 | 187.17 | OK | |
r-devel-linux-x86_64-debian-gcc | 1.0.5 | 9.48 | 131.97 | 141.45 | OK | |
r-devel-linux-x86_64-fedora-clang | 1.0.5 | 208.21 | NOTE | |||
r-devel-linux-x86_64-fedora-gcc | 1.0.5 | 206.14 | OK | |||
r-devel-windows-x86_64 | 1.0.5 | 245.00 | 284.00 | 529.00 | NOTE | |
r-patched-linux-x86_64 | 1.0.5 | 14.88 | 165.43 | 180.31 | OK | |
r-release-linux-x86_64 | 1.0.5 | OK | ||||
r-release-macos-arm64 | 1.0.5 | 77.00 | NOTE | |||
r-release-macos-x86_64 | 1.0.5 | 106.00 | NOTE | |||
r-release-windows-x86_64 | 1.0.5 | 267.00 | 283.00 | 550.00 | NOTE | |
r-oldrel-macos-arm64 | 1.0.5 | 83.00 | NOTE | |||
r-oldrel-macos-x86_64 | 1.0.5 | 109.00 | NOTE | |||
r-oldrel-windows-ix86+x86_64 | 1.0.5 | 37.00 | 223.00 | 260.00 | NOTE |
Version: 1.0.5
Check: installed package size
Result: NOTE
installed size is 36.5Mb
sub-directories of 1Mb or more:
java 34.2Mb
Flavors: r-devel-linux-x86_64-fedora-clang, r-devel-windows-x86_64, r-release-macos-arm64, r-release-macos-x86_64, r-release-windows-x86_64, r-oldrel-macos-arm64, r-oldrel-macos-x86_64, r-oldrel-windows-ix86+x86_64